CRAN Package Check Results for Package yap

Last updated on 2022-07-01 15:51:33 CEST.

Flavor Version Tinstall Tcheck Ttotal Status Flags
r-devel-linux-x86_64-debian-clang 0.1.1 2.86 35.54 38.40 NOTE
r-devel-linux-x86_64-debian-gcc 0.1.1 2.46 26.79 29.25 NOTE
r-devel-linux-x86_64-fedora-clang 0.1.1 55.79 NOTE
r-devel-linux-x86_64-fedora-gcc 0.1.1 55.17 NOTE
r-devel-windows-x86_64 0.1.1 15.00 60.00 75.00 NOTE
r-patched-linux-x86_64 0.1.1 2.17 34.00 36.17 NOTE
r-release-linux-x86_64 0.1.1 2.23 33.70 35.93 NOTE
r-release-macos-arm64 0.1.1 22.00 NOTE
r-release-macos-x86_64 0.1.1 26.00 NOTE
r-release-windows-x86_64 0.1.1 12.00 68.00 80.00 NOTE
r-oldrel-macos-arm64 0.1.1 24.00 NOTE
r-oldrel-macos-x86_64 0.1.1 38.00 NOTE
r-oldrel-windows-ix86+x86_64 0.1.1 8.00 59.00 67.00 NOTE

Check Details

Version: 0.1.1
Check: LazyData
Result: NOTE
     'LazyData' is specified without a 'data' directory
Flavors: r-devel-linux-x86_64-debian-clang, r-devel-linux-x86_64-debian-gcc, r-devel-linux-x86_64-fedora-clang, r-devel-linux-x86_64-fedora-gcc, r-devel-windows-x86_64, r-patched-linux-x86_64, r-release-linux-x86_64, r-release-macos-arm64, r-release-macos-x86_64, r-release-windows-x86_64, r-oldrel-macos-arm64, r-oldrel-macos-x86_64, r-oldrel-windows-ix86+x86_64