CRAN Package Check Results for Package yager

Last updated on 2022-07-06 15:49:14 CEST.

Flavor Version Tinstall Tcheck Ttotal Status Flags
r-devel-linux-x86_64-debian-clang 0.1.1 3.84 34.30 38.14 NOTE
r-devel-linux-x86_64-debian-gcc 0.1.1 2.75 25.93 28.68 NOTE
r-devel-linux-x86_64-fedora-clang 0.1.1 56.10 WARN
r-devel-linux-x86_64-fedora-gcc 0.1.1 54.95 WARN
r-devel-windows-x86_64 0.1.1 9.00 64.00 73.00 NOTE
r-patched-linux-x86_64 0.1.1 3.14 33.02 36.16 NOTE
r-release-linux-x86_64 0.1.1 3.41 32.77 36.18 NOTE
r-release-macos-arm64 0.1.1 20.00 NOTE
r-release-macos-x86_64 0.1.1 27.00 NOTE
r-release-windows-x86_64 0.1.1 15.00 70.00 85.00 NOTE
r-oldrel-macos-arm64 0.1.1 24.00 NOTE
r-oldrel-macos-x86_64 0.1.1 35.00 NOTE
r-oldrel-windows-ix86+x86_64 0.1.1 11.00 60.00 71.00 NOTE

Check Details

Version: 0.1.1
Check: LazyData
Result: NOTE
     'LazyData' is specified without a 'data' directory
Flavors: r-devel-linux-x86_64-debian-clang, r-devel-linux-x86_64-debian-gcc, r-devel-linux-x86_64-fedora-clang, r-devel-linux-x86_64-fedora-gcc, r-devel-windows-x86_64, r-patched-linux-x86_64, r-release-linux-x86_64, r-release-macos-arm64, r-release-macos-x86_64, r-release-windows-x86_64, r-oldrel-macos-arm64, r-oldrel-macos-x86_64, r-oldrel-windows-ix86+x86_64

Version: 0.1.1
Check: package dependencies
Result: WARN
    Requires (indirectly) orphaned package: ‘gtools’
Flavors: r-devel-linux-x86_64-fedora-clang, r-devel-linux-x86_64-fedora-gcc