CRAN Package Check Results for Package xtable

Last updated on 2020-08-10 03:48:42 CEST.

Flavor Version Tinstall Tcheck Ttotal Status Flags
r-devel-linux-x86_64-debian-clang 1.8-4 3.59 57.14 60.73 NOTE
r-devel-linux-x86_64-debian-gcc 1.8-4 2.04 44.29 46.33 NOTE
r-devel-linux-x86_64-fedora-clang 1.8-4 83.13 NOTE
r-devel-linux-x86_64-fedora-gcc 1.8-4 73.67 NOTE
r-devel-windows-ix86+x86_64 1.8-4 14.00 133.00 147.00 OK
r-patched-linux-x86_64 1.8-4 2.80 56.30 59.10 NOTE
r-patched-solaris-x86 1.8-4 99.40 NOTE
r-release-linux-x86_64 1.8-4 3.04 55.78 58.82 NOTE
r-release-macos-x86_64 1.8-4 OK
r-release-windows-ix86+x86_64 1.8-4 17.00 116.00 133.00 OK
r-oldrel-macos-x86_64 1.8-4 OK
r-oldrel-windows-ix86+x86_64 1.8-4 10.00 90.00 100.00 OK

Check Details

Version: 1.8-4
Check: for non-standard things in the check directory
Result: NOTE
    Found the following files/directories:
     'xtable.html' 'xtable.tex'
Flavors: r-devel-linux-x86_64-debian-clang, r-devel-linux-x86_64-debian-gcc, r-devel-linux-x86_64-fedora-clang, r-devel-linux-x86_64-fedora-gcc, r-patched-linux-x86_64, r-patched-solaris-x86, r-release-linux-x86_64