CRAN Package Check Results for Package xsp

Last updated on 2022-08-16 04:53:53 CEST.

Flavor Version Tinstall Tcheck Ttotal Status Flags
r-devel-linux-x86_64-debian-clang 0.1.2 5.12 71.60 76.72 NOTE
r-devel-linux-x86_64-debian-gcc 0.1.2 4.12 51.52 55.64 NOTE
r-devel-linux-x86_64-fedora-clang 0.1.2 100.63 NOTE
r-devel-linux-x86_64-fedora-gcc 0.1.2 98.35 NOTE
r-devel-windows-x86_64 0.1.2 11.00 91.00 102.00 NOTE
r-patched-linux-x86_64 0.1.2 5.69 63.85 69.54 NOTE
r-release-linux-x86_64 0.1.2 4.13 66.41 70.54 NOTE
r-release-macos-arm64 0.1.2 27.00 NOTE
r-release-macos-x86_64 0.1.2 51.00 NOTE
r-release-windows-x86_64 0.1.2 12.00 91.00 103.00 NOTE
r-oldrel-macos-arm64 0.1.2 34.00 NOTE
r-oldrel-macos-x86_64 0.1.2 50.00 NOTE
r-oldrel-windows-ix86+x86_64 0.1.2 16.00 88.00 104.00 NOTE

Check Details

Version: 0.1.2
Check: LazyData
Result: NOTE
     'LazyData' is specified without a 'data' directory
Flavors: r-devel-linux-x86_64-debian-clang, r-devel-linux-x86_64-debian-gcc, r-devel-linux-x86_64-fedora-clang, r-devel-linux-x86_64-fedora-gcc, r-devel-windows-x86_64, r-patched-linux-x86_64, r-release-linux-x86_64, r-release-macos-arm64, r-release-macos-x86_64, r-release-windows-x86_64, r-oldrel-macos-arm64, r-oldrel-macos-x86_64, r-oldrel-windows-ix86+x86_64