CRAN Package Check Results for Package xrnet

Last updated on 2022-10-07 15:53:15 CEST.

Flavor Version Tinstall Tcheck Ttotal Status Flags
r-devel-linux-x86_64-debian-clang 0.1.7 113.61 60.64 174.25 OK
r-devel-linux-x86_64-debian-gcc 0.1.7 97.60 51.55 149.15 OK
r-devel-linux-x86_64-fedora-clang 0.1.7 231.18 OK
r-devel-linux-x86_64-fedora-gcc 0.1.7 258.02 OK
r-devel-windows-x86_64 0.1.7 86.00 124.00 210.00 OK
r-patched-linux-x86_64 0.1.7 106.00 61.43 167.43 OK
r-release-linux-x86_64 0.1.7 103.71 62.30 166.01 OK
r-release-macos-arm64 0.1.7 67.00 NOTE
r-release-macos-x86_64 0.1.7 86.00 NOTE
r-release-windows-x86_64 0.1.7 95.00 120.00 215.00 OK
r-oldrel-macos-arm64 0.1.7 77.00 NOTE
r-oldrel-macos-x86_64 0.1.7 131.00 NOTE
r-oldrel-windows-ix86+x86_64 0.1.7 238.00 154.00 392.00 OK

Check Details

Version: 0.1.7
Check: installed package size
Result: NOTE
     installed size is 25.7Mb
     sub-directories of 1Mb or more:
     libs 25.3Mb
Flavors: r-release-macos-arm64, r-release-macos-x86_64, r-oldrel-macos-arm64, r-oldrel-macos-x86_64