CRAN Package Check Results for Package wxgenR

Last updated on 2024-06-15 04:48:56 CEST.

Flavor Version Tinstall Tcheck Ttotal Status Flags
r-devel-linux-x86_64-debian-clang 1.4.0 11.85 497.56 509.41 OK
r-devel-linux-x86_64-debian-gcc 1.4.0 11.44 382.41 393.85 OK
r-devel-linux-x86_64-fedora-clang 1.4.0 583.17 OK
r-devel-linux-x86_64-fedora-gcc 1.4.0 649.61 OK
r-devel-windows-x86_64 1.4.0 12.00 770.00 782.00 ERROR
r-patched-linux-x86_64 1.3.6 11.42 387.40 398.82 OK
r-release-linux-x86_64 1.3.6 11.61 386.81 398.42 OK
r-release-macos-arm64 1.4.0 459.00 OK
r-release-macos-x86_64 1.4.0 1230.00 OK
r-release-windows-x86_64 1.4.0 13.00 646.00 659.00 OK
r-oldrel-macos-arm64 1.4.0 812.00 OK
r-oldrel-macos-x86_64 1.4.0 1803.00 NOTE
r-oldrel-windows-x86_64 1.4.0 14.00 761.00 775.00 OK

Check Details

Version: 1.4.0
Check: whether package can be installed
Result: ERROR Installation failed. Flavor: r-devel-windows-x86_64

Version: 1.4.0
Check: re-building of vignette outputs
Result: NOTE Error(s) in re-building vignettes: ... --- re-building ‘Vignette_BlacksburgVA.Rmd’ using rmarkdown --- finished re-building ‘Vignette_BlacksburgVA.Rmd’ --- re-building ‘Vignette_LowerSantaCruzRiverBasinAZ.Rmd’ using rmarkdown --- finished re-building ‘Vignette_LowerSantaCruzRiverBasinAZ.Rmd’ --- re-building ‘Vignette_paperCode_inSample.Rmd’ using rmarkdown Quitting from lines 128-164 [unnamed-chunk-5] (Vignette_paperCode_inSample.Rmd) Execution halted SUMMARY: processing the following file failed: ‘Vignette_paperCode_inSample.Rmd’ Error: Vignette re-building failed. Execution halted * checking PDF version of manual ...* using check arguments '--no-clean-on-error ' Flavor: r-oldrel-macos-x86_64