CRAN Package Check Results for Package wv

Last updated on 2020-11-24 15:52:23 CET.

Flavor Version Tinstall Tcheck Ttotal Status Flags
r-devel-linux-x86_64-debian-clang 0.1.1 239.96 42.60 282.56 OK
r-devel-linux-x86_64-debian-gcc 0.1.1 217.88 34.51 252.39 OK
r-devel-linux-x86_64-fedora-clang 0.1.1 322.45 NOTE
r-devel-linux-x86_64-fedora-gcc 0.1.1 275.43 NOTE
r-devel-windows-ix86+x86_64 0.1.1 403.00 86.00 489.00 OK
r-patched-linux-x86_64 0.1.1 246.45 45.04 291.49 OK
r-patched-solaris-x86 0.1.1 230.70 NOTE
r-release-linux-x86_64 0.1.1 249.47 47.33 296.80 OK
r-release-macos-x86_64 0.1.1 NOTE
r-release-windows-ix86+x86_64 0.1.1 314.00 66.00 380.00 OK
r-oldrel-macos-x86_64 0.1.1 NOTE
r-oldrel-windows-ix86+x86_64 0.1.1 283.00 82.00 365.00 OK

Check Details

Version: 0.1.1
Check: installed package size
Result: NOTE
     installed size is 8.8Mb
     sub-directories of 1Mb or more:
     help 1.6Mb
     libs 6.9Mb
Flavors: r-devel-linux-x86_64-fedora-clang, r-release-macos-x86_64, r-oldrel-macos-x86_64

Version: 0.1.1
Check: dependencies in R code
Result: NOTE
    Namespace in Imports field not imported from: ‘simts’
     All declared Imports should be used.
Flavors: r-devel-linux-x86_64-fedora-clang, r-devel-linux-x86_64-fedora-gcc, r-patched-solaris-x86, r-release-macos-x86_64, r-oldrel-macos-x86_64