CRAN Package Check Results for Package wsyn

Last updated on 2022-01-25 15:54:36 CET.

Flavor Version Tinstall Tcheck Ttotal Status Flags
r-devel-linux-x86_64-debian-clang 1.0.4 15.25 328.75 344.00 OK
r-devel-linux-x86_64-debian-gcc 1.0.4 11.22 237.76 248.98 OK
r-devel-linux-x86_64-fedora-clang 1.0.4 398.27 OK
r-devel-linux-x86_64-fedora-gcc 1.0.4 388.79 OK
r-devel-windows-x86_64-new-UL 1.0.4 274.00 487.00 761.00 OK
r-devel-windows-x86_64-new-TK 1.0.4 OK
r-patched-linux-x86_64 1.0.4 12.51 311.43 323.94 OK
r-release-linux-x86_64 1.0.4 9.87 307.06 316.93 OK
r-release-macos-arm64 1.0.4 NOTE
r-release-macos-x86_64 1.0.4 OK
r-release-windows-ix86+x86_64 1.0.4 26.00 407.00 433.00 OK
r-oldrel-macos-x86_64 1.0.4 OK
r-oldrel-windows-ix86+x86_64 1.0.4 25.00 411.00 436.00 OK

Check Details

Version: 1.0.4
Check: package dependencies
Result: NOTE
    Package suggested but not available for checking: ‘vdiffr’
Flavor: r-release-macos-arm64