CRAN Package Check Results for Package wrProteo

Last updated on 2022-06-28 03:51:47 CEST.

Flavor Version Tinstall Tcheck Ttotal Status Flags
r-devel-linux-x86_64-debian-clang 1.6.0 9.22 306.81 316.03 OK
r-devel-linux-x86_64-debian-gcc 1.6.0 8.91 208.53 217.44 OK
r-devel-linux-x86_64-fedora-clang 1.6.0 367.28 NOTE
r-devel-linux-x86_64-fedora-gcc 1.6.0 268.41 OK
r-devel-windows-x86_64 1.6.0 53.00 346.00 399.00 NOTE
r-patched-linux-x86_64 1.6.0 16.40 286.46 302.86 OK
r-release-linux-x86_64 1.6.0 9.74 284.73 294.47 OK
r-release-macos-arm64 1.6.0 94.00 NOTE
r-release-macos-x86_64 1.6.0 147.00 NOTE
r-release-windows-x86_64 1.6.0 54.00 333.00 387.00 NOTE
r-oldrel-macos-arm64 1.6.0 100.00 NOTE
r-oldrel-macos-x86_64 1.6.0 137.00 NOTE
r-oldrel-windows-ix86+x86_64 1.6.0 20.00 355.00 375.00 NOTE

Check Details

Version: 1.6.0
Check: installed package size
Result: NOTE
     installed size is 6.3Mb
     sub-directories of 1Mb or more:
     doc 3.3Mb
     extdata 2.4Mb
Flavors: r-devel-linux-x86_64-fedora-clang, r-devel-windows-x86_64, r-release-macos-arm64, r-release-macos-x86_64, r-release-windows-x86_64, r-oldrel-macos-arm64, r-oldrel-macos-x86_64, r-oldrel-windows-ix86+x86_64

Version: 1.6.0
Check: package dependencies
Result: NOTE
    Package suggested but not available for checking: ‘ROTS’
Flavors: r-release-macos-arm64, r-release-macos-x86_64, r-oldrel-macos-arm64, r-oldrel-macos-x86_64