CRAN Package Check Results for Package wpp2015

Last updated on 2020-09-22 03:49:46 CEST.

Flavor Version Tinstall Tcheck Ttotal Status Flags
r-devel-linux-x86_64-debian-clang 1.1-2 3.33 38.80 42.13 OK
r-devel-linux-x86_64-debian-gcc 1.1-2 1.01 2.40 3.41 ERROR
r-devel-linux-x86_64-fedora-clang 1.1-2 67.19 NOTE
r-devel-linux-x86_64-fedora-gcc 1.1-2 51.16 OK
r-devel-windows-ix86+x86_64 1.1-2 9.00 55.00 64.00 NOTE
r-patched-linux-x86_64 1.1-2 3.02 38.66 41.68 OK
r-patched-solaris-x86 1.1-2 81.80 NOTE
r-release-linux-x86_64 1.1-2 2.74 39.53 42.27 OK
r-release-macos-x86_64 1.1-2 NOTE
r-release-windows-ix86+x86_64 1.1-2 9.00 52.00 61.00 NOTE
r-oldrel-macos-x86_64 1.1-2 NOTE
r-oldrel-windows-ix86+x86_64 1.1-2 6.00 64.00 70.00 NOTE

Check Details

Version: 1.1-2
Check: whether package can be installed
Result: ERROR
    Installation failed.
Flavor: r-devel-linux-x86_64-debian-gcc

Version: 1.1-2
Check: installed package size
Result: NOTE
     installed size is 11.4Mb
     sub-directories of 1Mb or more:
     data 11.2Mb
Flavors: r-devel-linux-x86_64-fedora-clang, r-devel-windows-ix86+x86_64, r-patched-solaris-x86, r-release-macos-x86_64, r-release-windows-ix86+x86_64, r-oldrel-macos-x86_64, r-oldrel-windows-ix86+x86_64