CRAN Package Check Results for Package worms

Last updated on 2020-11-25 15:52:12 CET.

Flavor Version Tinstall Tcheck Ttotal Status Flags
r-devel-linux-x86_64-debian-clang 0.2.2 3.41 35.13 38.54 NOTE
r-devel-linux-x86_64-debian-gcc 0.2.2 2.71 27.72 30.43 NOTE
r-devel-linux-x86_64-fedora-clang 0.2.2 45.41 NOTE
r-devel-linux-x86_64-fedora-gcc 0.2.2 35.19 NOTE
r-devel-windows-ix86+x86_64 0.2.2 9.00 50.00 59.00 OK
r-patched-linux-x86_64 0.2.2 3.31 29.29 32.60 NOTE
r-patched-solaris-x86 0.2.2 56.80 NOTE
r-release-linux-x86_64 0.2.2 3.46 34.12 37.58 NOTE
r-release-macos-x86_64 0.2.2 OK
r-release-windows-ix86+x86_64 0.2.2 8.00 52.00 60.00 OK
r-oldrel-macos-x86_64 0.2.2 OK
r-oldrel-windows-ix86+x86_64 0.2.2 4.00 51.00 55.00 OK

Check Details

Version: 0.2.2
Check: for non-standard things in the check directory
Result: NOTE
    Found the following files/directories:
     'aphiainfo.csv' 'tax.csv'
Flavors: r-devel-linux-x86_64-debian-clang, r-devel-linux-x86_64-debian-gcc, r-devel-linux-x86_64-fedora-clang, r-devel-linux-x86_64-fedora-gcc, r-patched-linux-x86_64, r-patched-solaris-x86, r-release-linux-x86_64