CRAN Package Check Results for Package wordcloud2

Last updated on 2024-07-16 03:54:36 CEST.

Flavor Version Tinstall Tcheck Ttotal Status Flags
r-devel-linux-x86_64-debian-clang 0.2.1 3.28 36.08 39.36 OK
r-devel-linux-x86_64-debian-gcc 0.2.1 2.68 28.15 30.83 OK
r-devel-linux-x86_64-fedora-clang 0.2.1 51.39 NOTE
r-devel-linux-x86_64-fedora-gcc 0.2.1 60.26 NOTE
r-devel-windows-x86_64 0.2.1 5.00 52.00 57.00 OK
r-patched-linux-x86_64 0.2.1 3.80 35.12 38.92 OK
r-release-linux-x86_64 0.2.1 3.17 35.22 38.39 OK
r-release-macos-arm64 0.2.1 27.00 OK
r-release-macos-x86_64 0.2.1 41.00 OK
r-release-windows-x86_64 0.2.1 4.00 52.00 56.00 OK
r-oldrel-macos-arm64 0.2.1 31.00 OK
r-oldrel-macos-x86_64 0.2.1 39.00 OK
r-oldrel-windows-x86_64 0.2.1 6.00 53.00 59.00 OK

Check Details

Version: 0.2.1
Check: data for non-ASCII characters
Result: NOTE Note: found 933 marked UTF-8 strings Flavors: r-devel-linux-x86_64-fedora-clang, r-devel-linux-x86_64-fedora-gcc