CRAN Package Check Results for Package womblR

Last updated on 2020-11-25 15:52:12 CET.

Flavor Version Tinstall Tcheck Ttotal Status Flags
r-devel-linux-x86_64-debian-clang 1.0.4 268.17 245.73 513.90 OK
r-devel-linux-x86_64-debian-gcc 1.0.4 293.23 188.04 481.27 OK
r-devel-linux-x86_64-fedora-clang 1.0.4 669.44 NOTE
r-devel-linux-x86_64-fedora-gcc 1.0.4 623.67 OK
r-devel-windows-ix86+x86_64 1.0.4 575.00 385.00 960.00 OK
r-patched-linux-x86_64 1.0.4 347.73 243.28 591.01 OK
r-patched-solaris-x86 1.0.4 824.30 OK
r-release-linux-x86_64 1.0.4 361.37 244.89 606.26 OK
r-release-macos-x86_64 1.0.4 NOTE
r-release-windows-ix86+x86_64 1.0.4 603.00 415.00 1018.00 OK
r-oldrel-macos-x86_64 1.0.4 NOTE
r-oldrel-windows-ix86+x86_64 1.0.4 394.00 398.00 792.00 OK

Check Details

Version: 1.0.4
Check: installed package size
Result: NOTE
     installed size is 10.2Mb
     sub-directories of 1Mb or more:
     libs 9.4Mb
Flavors: r-devel-linux-x86_64-fedora-clang, r-release-macos-x86_64, r-oldrel-macos-x86_64