CRAN Package Check Results for Package wingui

Last updated on 2020-11-28 03:52:51 CET.

Flavor Version Tinstall Tcheck Ttotal Status Flags
r-devel-linux-x86_64-debian-clang 0.2 4.01 34.26 38.27 OK
r-devel-linux-x86_64-debian-gcc 0.2 2.89 27.46 30.35 OK
r-devel-linux-x86_64-fedora-clang 0.2 46.56 NOTE
r-devel-linux-x86_64-fedora-gcc 0.2 36.56 NOTE
r-devel-windows-ix86+x86_64 0.2 60.00 75.00 135.00 NOTE
r-patched-linux-x86_64 0.2 3.97 30.02 33.99 OK
r-patched-solaris-x86 0.2 53.80 OK
r-release-linux-x86_64 0.2 3.80 31.10 34.90 OK
r-release-macos-x86_64 0.2 OK
r-release-windows-ix86+x86_64 0.2 60.00 58.00 118.00 NOTE
r-oldrel-macos-x86_64 0.2 OK
r-oldrel-windows-ix86+x86_64 0.2 52.00 67.00 119.00 NOTE

Check Details

Version: 0.2
Check: compiled code
Result: NOTE
    File ‘wingui/libs/wingui.so’:
     Found no calls to: ‘R_registerRoutines’, ‘R_useDynamicSymbols’
    
    It is good practice to register native routines and to disable symbol
    search.
    
    See ‘Writing portable packages’ in the ‘Writing R Extensions’ manual.
Flavors: r-devel-linux-x86_64-fedora-clang, r-devel-linux-x86_64-fedora-gcc

Version: 0.2
Check: R code for possible problems
Result: NOTE
    .__A__.1 : <anonymous>: no visible binding for global variable '.hwnd'
    Undefined global functions or variables:
     .hwnd
Flavors: r-devel-windows-ix86+x86_64, r-release-windows-ix86+x86_64, r-oldrel-windows-ix86+x86_64