CRAN Package Check Results for Package wikitaxa

Last updated on 2020-12-01 04:47:51 CET.

Flavor Version Tinstall Tcheck Ttotal Status Flags
r-devel-linux-x86_64-debian-clang 0.4.0 4.03 34.09 38.12 OK
r-devel-linux-x86_64-debian-gcc 0.4.0 3.06 24.97 28.03 OK
r-devel-linux-x86_64-fedora-clang 0.4.0 46.78 NOTE
r-devel-linux-x86_64-fedora-gcc 0.4.0 37.71 OK
r-devel-windows-ix86+x86_64 0.4.0 6.00 38.00 44.00 OK
r-patched-linux-x86_64 0.4.0 4.44 36.62 41.06 OK
r-patched-solaris-x86 0.4.0 57.20 OK
r-release-linux-x86_64 0.4.0 3.44 34.85 38.29 OK
r-release-macos-x86_64 0.4.0 OK
r-release-windows-ix86+x86_64 0.4.0 5.00 40.00 45.00 OK
r-oldrel-macos-x86_64 0.4.0 OK
r-oldrel-windows-ix86+x86_64 0.4.0 4.00 45.00 49.00 OK

Check Details

Version: 0.4.0
Check: Rd cross-references
Result: NOTE
    Undeclared package ‘httr’ in Rd xrefs
Flavor: r-devel-linux-x86_64-fedora-clang