CRAN Package Check Results for Package wellknown

Last updated on 2022-10-07 15:53:14 CEST.

Flavor Version Tinstall Tcheck Ttotal Status Flags
r-devel-linux-x86_64-debian-clang 0.7.4 230.83 47.79 278.62 OK
r-devel-linux-x86_64-debian-gcc 0.7.4 165.49 64.32 229.81 WARN
r-devel-linux-x86_64-fedora-clang 0.7.4 365.33 OK
r-devel-linux-x86_64-fedora-gcc 0.7.4 395.42 WARN
r-devel-windows-x86_64 0.7.4 547.00 103.00 650.00 OK
r-patched-linux-x86_64 0.7.4 196.05 83.75 279.80 OK
r-release-linux-x86_64 0.7.4 188.93 86.63 275.56 OK
r-release-macos-arm64 0.7.4 82.00 NOTE
r-release-macos-x86_64 0.7.4 115.00 NOTE
r-release-windows-x86_64 0.7.4 315.00 103.00 418.00 OK
r-oldrel-macos-arm64 0.7.4 80.00 NOTE
r-oldrel-macos-x86_64 0.7.4 151.00 NOTE
r-oldrel-windows-ix86+x86_64 0.7.4 436.00 109.00 545.00 OK

Check Details

Version: 0.7.4
Check: whether package can be installed
Result: WARN
    Found the following significant warnings:
     /home/hornik/tmp/R.check/r-devel-gcc/Work/build/Packages/BH/include/boost/geometry/algorithms/detail/envelope/range.hpp:112:15: warning: ‘*(boost::geometry::model::point<double, 2, boost::geometry::cs::cartesian>*)((char*)&state + offsetof(boost::geometry::strategy::envelope::cartesian<void>::multi_state<boost::geometry::model::box<boost::geometry::model::point<double, 2, boost::geometry::cs::cartesian> > >,boost::geometry::strategy::envelope::cartesian<void>::multi_state<boost::geometry::model::box<boost::geometry::model::point<double, 2, boost::geometry::cs::cartesian> > >::m_box.boost::geometry::model::box<boost::geometry::model::point<double, 2, boost::geometry::cs::cartesian> >::m_min_corner)).boost::geometry::model::point<double, 2, boost::geometry::cs::cartesian>::m_values[0]’ is used uninitialized [-Wuninitialized]
     /home/hornik/tmp/R.check/r-devel-gcc/Work/build/Packages/BH/include/boost/geometry/algorithms/detail/envelope/range.hpp:112:15: warning: ‘*(boost::geometry::model::point<double, 2, boost::geometry::cs::cartesian>*)((char*)&state + offsetof(boost::geometry::strategy::envelope::cartesian<void>::multi_state<boost::geometry::model::box<boost::geometry::model::point<double, 2, boost::geometry::cs::cartesian> > >,boost::geometry::strategy::envelope::cartesian<void>::multi_state<boost::geometry::model::box<boost::geometry::model::point<double, 2, boost::geometry::cs::cartesian> > >::m_box.boost::geometry::model::box<boost::geometry::model::point<double, 2, boost::geometry::cs::cartesian> >::m_min_corner)).boost::geometry::model::point<double, 2, boost::geometry::cs::cartesian>::m_values[1]’ is used uninitialized [-Wuninitialized]
     /home/hornik/tmp/R.check/r-devel-gcc/Work/build/Packages/BH/include/boost/geometry/algorithms/detail/envelope/range.hpp:112:15: warning: ‘*(boost::geometry::model::point<double, 2, boost::geometry::cs::cartesian>*)((char*)&state + offsetof(boost::geometry::strategy::envelope::cartesian<void>::multi_state<boost::geometry::model::box<boost::geometry::model::point<double, 2, boost::geometry::cs::cartesian> > >,boost::geometry::strategy::envelope::cartesian<void>::multi_state<boost::geometry::model::box<boost::geometry::model::point<double, 2, boost::geometry::cs::cartesian> > >::m_box.boost::geometry::model::box<boost::geometry::model::point<double, 2, boost::geometry::cs::cartesian> >::m_max_corner)).boost::geometry::model::point<double, 2, boost::geometry::cs::cartesian>::m_values[0]’ is used uninitialized [-Wuninitialized]
     /home/hornik/tmp/R.check/r-devel-gcc/Work/build/Packages/BH/include/boost/geometry/algorithms/detail/envelope/range.hpp:112:15: warning: ‘*(boost::geometry::model::point<double, 2, boost::geometry::cs::cartesian>*)((char*)&state + offsetof(boost::geometry::strategy::envelope::cartesian<void>::multi_state<boost::geometry::model::box<boost::geometry::model::point<double, 2, boost::geometry::cs::cartesian> > >,boost::geometry::strategy::envelope::cartesian<void>::multi_state<boost::geometry::model::box<boost::geometry::model::point<double, 2, boost::geometry::cs::cartesian> > >::m_box.boost::geometry::model::box<boost::geometry::model::point<double, 2, boost::geometry::cs::cartesian> >::m_max_corner)).boost::geometry::model::point<double, 2, boost::geometry::cs::cartesian>::m_values[1]’ is used uninitialized [-Wuninitialized]
Flavor: r-devel-linux-x86_64-debian-gcc

Version: 0.7.4
Check: whether package can be installed
Result: WARN
    Found the following significant warnings:
     /data/gannet/ripley/R/test-dev/BH/include/boost/geometry/algorithms/detail/envelope/range.hpp:112:15: warning: ‘*(boost::geometry::model::point<double, 2, boost::geometry::cs::cartesian>*)((char*)&state + offsetof(boost::geometry::strategy::envelope::cartesian<void>::multi_state<boost::geometry::model::box<boost::geometry::model::point<double, 2, boost::geometry::cs::cartesian> > >,boost::geometry::strategy::envelope::cartesian<void>::multi_state<boost::geometry::model::box<boost::geometry::model::point<double, 2, boost::geometry::cs::cartesian> > >::m_box.boost::geometry::model::box<boost::geometry::model::point<double, 2, boost::geometry::cs::cartesian> >::m_min_corner)).boost::geometry::model::point<double, 2, boost::geometry::cs::cartesian>::m_values[0]’ is used uninitialized [-Wuninitialized]
     /data/gannet/ripley/R/test-dev/BH/include/boost/geometry/algorithms/detail/envelope/range.hpp:112:15: warning: ‘*(boost::geometry::model::point<double, 2, boost::geometry::cs::cartesian>*)((char*)&state + offsetof(boost::geometry::strategy::envelope::cartesian<void>::multi_state<boost::geometry::model::box<boost::geometry::model::point<double, 2, boost::geometry::cs::cartesian> > >,boost::geometry::strategy::envelope::cartesian<void>::multi_state<boost::geometry::model::box<boost::geometry::model::point<double, 2, boost::geometry::cs::cartesian> > >::m_box.boost::geometry::model::box<boost::geometry::model::point<double, 2, boost::geometry::cs::cartesian> >::m_min_corner)).boost::geometry::model::point<double, 2, boost::geometry::cs::cartesian>::m_values[1]’ is used uninitialized [-Wuninitialized]
     /data/gannet/ripley/R/test-dev/BH/include/boost/geometry/algorithms/detail/envelope/range.hpp:112:15: warning: ‘*(boost::geometry::model::point<double, 2, boost::geometry::cs::cartesian>*)((char*)&state + offsetof(boost::geometry::strategy::envelope::cartesian<void>::multi_state<boost::geometry::model::box<boost::geometry::model::point<double, 2, boost::geometry::cs::cartesian> > >,boost::geometry::strategy::envelope::cartesian<void>::multi_state<boost::geometry::model::box<boost::geometry::model::point<double, 2, boost::geometry::cs::cartesian> > >::m_box.boost::geometry::model::box<boost::geometry::model::point<double, 2, boost::geometry::cs::cartesian> >::m_max_corner)).boost::geometry::model::point<double, 2, boost::geometry::cs::cartesian>::m_values[0]’ is used uninitialized [-Wuninitialized]
     /data/gannet/ripley/R/test-dev/BH/include/boost/geometry/algorithms/detail/envelope/range.hpp:112:15: warning: ‘*(boost::geometry::model::point<double, 2, boost::geometry::cs::cartesian>*)((char*)&state + offsetof(boost::geometry::strategy::envelope::cartesian<void>::multi_state<boost::geometry::model::box<boost::geometry::model::point<double, 2, boost::geometry::cs::cartesian> > >,boost::geometry::strategy::envelope::cartesian<void>::multi_state<boost::geometry::model::box<boost::geometry::model::point<double, 2, boost::geometry::cs::cartesian> > >::m_box.boost::geometry::model::box<boost::geometry::model::point<double, 2, boost::geometry::cs::cartesian> >::m_max_corner)).boost::geometry::model::point<double, 2, boost::geometry::cs::cartesian>::m_values[1]’ is used uninitialized [-Wuninitialized]
Flavor: r-devel-linux-x86_64-fedora-gcc

Version: 0.7.4
Check: installed package size
Result: NOTE
     installed size is 11.8Mb
     sub-directories of 1Mb or more:
     libs 11.4Mb
Flavors: r-release-macos-arm64, r-release-macos-x86_64, r-oldrel-macos-arm64, r-oldrel-macos-x86_64