CRAN Package Check Results for Package weightedScores

Last updated on 2021-09-19 03:51:39 CEST.

Flavor Version Tinstall Tcheck Ttotal Status Flags
r-devel-linux-x86_64-debian-clang 0.9.5.3 9.39 140.34 149.73 OK
r-devel-linux-x86_64-debian-gcc 0.9.5.3 7.32 101.60 108.92 OK
r-devel-linux-x86_64-fedora-clang 0.9.5.3 179.40 NOTE
r-devel-linux-x86_64-fedora-gcc 0.9.5.3 171.45 NOTE
r-devel-windows-x86_64 0.9.5.3 14.00 167.00 181.00 OK
r-devel-windows-x86_64-gcc10-UCRT 0.9.5.3 ERROR
r-patched-linux-x86_64 0.9.5.3 8.80 133.18 141.98 OK
r-patched-solaris-x86 0.9.5.3 199.60 OK
r-release-linux-x86_64 0.9.5.3 7.94 133.11 141.05 OK
r-release-macos-arm64 0.9.5.3 OK
r-release-macos-x86_64 0.9.5.3 OK
r-release-windows-ix86+x86_64 0.9.5.3 25.00 205.00 230.00 OK
r-oldrel-macos-x86_64 0.9.5.3 OK
r-oldrel-windows-ix86+x86_64 0.9.5.3 20.00 274.00 294.00 OK

Check Details

Version: 0.9.5.3
Check: compiled code
Result: NOTE
    File ‘weightedScores/libs/weightedScores.so’:
     Found no calls to: ‘R_registerRoutines’, ‘R_useDynamicSymbols’
    
    It is good practice to register native routines and to disable symbol
    search.
    
    See ‘Writing portable packages’ in the ‘Writing R Extensions’ manual.
Flavors: r-devel-linux-x86_64-fedora-clang, r-devel-linux-x86_64-fedora-gcc

Version: 0.9.5.3
Check: whether package can be installed
Result: ERROR
    Installation failed.
Flavor: r-devel-windows-x86_64-gcc10-UCRT