CRAN Package Check Results for Package weightedScores

Last updated on 2020-09-22 16:02:44 CEST.

Flavor Version Tinstall Tcheck Ttotal Status Flags
r-devel-linux-x86_64-debian-clang 0.9.5.3 9.73 132.59 142.32 OK
r-devel-linux-x86_64-debian-gcc 0.9.5.3 6.97 100.35 107.32 OK
r-devel-linux-x86_64-fedora-clang 0.9.5.3 202.81 NOTE
r-devel-linux-x86_64-fedora-gcc 0.9.5.3 181.78 NOTE
r-devel-windows-ix86+x86_64 0.9.5.3 26.00 219.00 245.00 OK
r-patched-linux-x86_64 0.9.5.3 8.65 128.01 136.66 OK
r-patched-solaris-x86 0.9.5.3 191.80 OK
r-release-linux-x86_64 0.9.5.3 8.07 129.90 137.97 OK
r-release-macos-x86_64 0.9.5.3 OK
r-release-windows-ix86+x86_64 0.9.5.3 30.00 206.00 236.00 OK
r-oldrel-macos-x86_64 0.9.5.3 OK
r-oldrel-windows-ix86+x86_64 0.9.5.3 29.00 263.00 292.00 OK

Check Details

Version: 0.9.5.3
Check: compiled code
Result: NOTE
    File ‘weightedScores/libs/weightedScores.so’:
     Found no calls to: ‘R_registerRoutines’, ‘R_useDynamicSymbols’
    
    It is good practice to register native routines and to disable symbol
    search.
    
    See ‘Writing portable packages’ in the ‘Writing R Extensions’ manual.
Flavors: r-devel-linux-x86_64-fedora-clang, r-devel-linux-x86_64-fedora-gcc