CRAN Package Check Results for Package websocket

Last updated on 2022-09-29 03:58:19 CEST.

Flavor Version Tinstall Tcheck Ttotal Status Flags
r-devel-linux-x86_64-debian-clang 1.4.1 83.40 38.25 121.65 NOTE
r-devel-linux-x86_64-debian-gcc 1.4.1 70.13 30.44 100.57 NOTE
r-devel-linux-x86_64-fedora-clang 1.4.1 174.86 NOTE
r-devel-linux-x86_64-fedora-gcc 1.4.1 184.67 NOTE
r-devel-windows-x86_64 1.4.1 224.00 137.00 361.00 NOTE
r-patched-linux-x86_64 1.4.1 73.90 37.04 110.94 NOTE
r-release-linux-x86_64 1.4.1 78.75 36.41 115.16 NOTE
r-release-macos-arm64 1.4.1 57.00 NOTE
r-release-macos-x86_64 1.4.1 80.00 NOTE
r-release-windows-x86_64 1.4.1 230.00 136.00 366.00 NOTE
r-oldrel-macos-arm64 1.4.1 66.00 NOTE
r-oldrel-macos-x86_64 1.4.1 75.00 NOTE
r-oldrel-windows-ix86+x86_64 1.4.1 380.00 135.00 515.00 NOTE

Check Details

Version: 1.4.1
Check: for GNU extensions in Makefiles
Result: NOTE
    GNU make is a SystemRequirements.
Flavors: r-devel-linux-x86_64-debian-clang, r-devel-linux-x86_64-debian-gcc, r-devel-linux-x86_64-fedora-clang, r-devel-linux-x86_64-fedora-gcc, r-devel-windows-x86_64, r-patched-linux-x86_64, r-release-linux-x86_64, r-release-macos-arm64, r-release-macos-x86_64, r-release-windows-x86_64, r-oldrel-macos-arm64, r-oldrel-macos-x86_64, r-oldrel-windows-ix86+x86_64

Version: 1.4.1
Check: installed package size
Result: NOTE
     installed size is 5.0Mb
     sub-directories of 1Mb or more:
     libs 4.9Mb
Flavors: r-devel-windows-x86_64, r-release-macos-arm64, r-release-macos-x86_64, r-release-windows-x86_64, r-oldrel-macos-arm64, r-oldrel-macos-x86_64, r-oldrel-windows-ix86+x86_64