Last updated on 2023-01-31 04:06:38 CET.
Flavor | Version | Tinstall | Tcheck | Ttotal | Status | Flags |
---|---|---|---|---|---|---|
r-devel-linux-x86_64-debian-clang | 0.4.0 | 22.01 | 49.54 | 71.55 | OK | |
r-devel-linux-x86_64-debian-gcc | 0.4.0 | 18.04 | 37.41 | 55.45 | NOTE | |
r-devel-linux-x86_64-fedora-clang | 0.4.0 | 100.64 | NOTE | |||
r-devel-linux-x86_64-fedora-gcc | 0.4.0 | 64.90 | NOTE | |||
r-devel-windows-x86_64 | 0.4.0 | 39.00 | 96.00 | 135.00 | OK | |
r-patched-linux-x86_64 | 0.4.0 | 17.89 | 48.54 | 66.43 | NOTE | |
r-release-linux-x86_64 | 0.4.0 | 15.70 | 51.10 | 66.80 | NOTE | |
r-release-macos-arm64 | 0.4.0 | 26.00 | OK | |||
r-release-macos-x86_64 | 0.4.0 | 50.00 | OK | |||
r-release-windows-x86_64 | 0.4.0 | 39.00 | 108.00 | 147.00 | OK | |
r-oldrel-macos-arm64 | 0.4.0 | 33.00 | OK | |||
r-oldrel-macos-x86_64 | 0.4.0 | 43.00 | OK | |||
r-oldrel-windows-ix86+x86_64 | 0.4.0 | 57.00 | 112.00 | 169.00 | OK |
Version: 0.4.0
Check: package dependencies
Result: NOTE
Package suggested but not available for checking: ‘rgeolocate’
Flavors: r-devel-linux-x86_64-debian-gcc, r-devel-linux-x86_64-fedora-clang, r-devel-linux-x86_64-fedora-gcc, r-patched-linux-x86_64, r-release-linux-x86_64
Version: 0.4.0
Check: compiled code
Result: NOTE
File ‘webreadr/libs/webreadr.so’:
Found no calls to: ‘R_registerRoutines’, ‘R_useDynamicSymbols’
It is good practice to register native routines and to disable symbol
search.
See ‘Writing portable packages’ in the ‘Writing R Extensions’ manual.
Flavors: r-devel-linux-x86_64-fedora-clang, r-devel-linux-x86_64-fedora-gcc