Last updated on 2022-08-09 15:56:30 CEST.
Flavor | Version | Tinstall | Tcheck | Ttotal | Status | Flags |
---|---|---|---|---|---|---|
r-devel-linux-x86_64-debian-clang | 0.1.5 | 15.10 | 144.47 | 159.57 | NOTE | |
r-devel-linux-x86_64-debian-gcc | 0.1.5 | 11.20 | 107.41 | 118.61 | NOTE | |
r-devel-linux-x86_64-fedora-clang | 0.1.5 | 210.80 | NOTE | |||
r-devel-linux-x86_64-fedora-gcc | 0.1.5 | 201.61 | NOTE | |||
r-devel-windows-x86_64 | 0.1.5 | 22.00 | 215.00 | 237.00 | NOTE | |
r-patched-linux-x86_64 | 0.1.5 | 13.19 | 136.73 | 149.92 | NOTE | |
r-release-linux-x86_64 | 0.1.5 | NOTE | ||||
r-release-macos-arm64 | 0.1.5 | 52.00 | NOTE | |||
r-release-macos-x86_64 | 0.1.5 | 87.00 | NOTE | |||
r-release-windows-x86_64 | 0.1.5 | 20.00 | 174.00 | 194.00 | NOTE | |
r-oldrel-macos-arm64 | 0.1.5 | 64.00 | NOTE | |||
r-oldrel-macos-x86_64 | 0.1.5 | 102.00 | NOTE | |||
r-oldrel-windows-ix86+x86_64 | 0.1.5 | 36.00 | 181.00 | 217.00 | NOTE |
Version: 0.1.5
Check: LazyData
Result: NOTE
'LazyData' is specified without a 'data' directory
Flavors: r-devel-linux-x86_64-debian-clang, r-devel-linux-x86_64-debian-gcc, r-devel-linux-x86_64-fedora-clang, r-devel-linux-x86_64-fedora-gcc, r-devel-windows-x86_64, r-patched-linux-x86_64, r-release-linux-x86_64, r-release-macos-arm64, r-release-macos-x86_64, r-release-windows-x86_64, r-oldrel-macos-arm64, r-oldrel-macos-x86_64, r-oldrel-windows-ix86+x86_64
Version: 0.1.5
Check: dependencies in R code
Result: NOTE
Namespaces in Imports field not imported from:
‘shiny’ ‘tidyselect’
All declared Imports should be used.
Flavors: r-devel-linux-x86_64-fedora-clang, r-devel-linux-x86_64-fedora-gcc, r-release-macos-arm64, r-release-macos-x86_64, r-oldrel-macos-arm64, r-oldrel-macos-x86_64