CRAN Package Check Results for Package webr

Last updated on 2020-11-27 03:50:25 CET.

Flavor Version Tinstall Tcheck Ttotal Status Flags
r-devel-linux-x86_64-debian-clang 0.1.5 13.96 128.02 141.98 OK
r-devel-linux-x86_64-debian-gcc 0.1.5 11.16 103.36 114.52 OK
r-devel-linux-x86_64-fedora-clang 0.1.5 167.77 NOTE
r-devel-linux-x86_64-fedora-gcc 0.1.5 163.55 NOTE
r-devel-windows-ix86+x86_64 0.1.5 28.00 113.00 141.00 OK
r-patched-linux-x86_64 0.1.5 11.44 122.17 133.61 OK
r-patched-solaris-x86 0.1.5 210.10 NOTE
r-release-linux-x86_64 0.1.5 12.70 125.74 138.44 OK
r-release-macos-x86_64 0.1.5 NOTE
r-release-windows-ix86+x86_64 0.1.5 42.00 120.00 162.00 OK
r-oldrel-macos-x86_64 0.1.5 NOTE
r-oldrel-windows-ix86+x86_64 0.1.5 19.00 130.00 149.00 OK

Check Details

Version: 0.1.5
Check: dependencies in R code
Result: NOTE
    Namespaces in Imports field not imported from:
     ‘shiny’ ‘tidyselect’
     All declared Imports should be used.
Flavors: r-devel-linux-x86_64-fedora-clang, r-devel-linux-x86_64-fedora-gcc, r-patched-solaris-x86, r-release-macos-x86_64, r-oldrel-macos-x86_64