CRAN Package Check Results for Package wearables

Last updated on 2024-06-14 03:57:41 CEST.

Flavor Version Tinstall Tcheck Ttotal Status Flags
r-devel-linux-x86_64-debian-clang 0.8.1 32.23 193.16 225.39 NOTE
r-devel-linux-x86_64-debian-gcc 0.8.1 0.35 1.74 2.09 ERROR
r-devel-linux-x86_64-fedora-clang 0.8.1 285.90 NOTE
r-devel-linux-x86_64-fedora-gcc 0.8.1 271.56 NOTE
r-devel-windows-x86_64 0.8.1 22.00 137.00 159.00 NOTE
r-patched-linux-x86_64 0.8.1 24.36 191.48 215.84 NOTE
r-release-linux-x86_64 0.8.1 26.21 186.69 212.90 NOTE
r-release-macos-arm64 0.8.1 55.00 NOTE
r-release-macos-x86_64 0.8.1 89.00 NOTE
r-release-windows-x86_64 0.8.1 22.00 148.00 170.00 NOTE
r-oldrel-macos-arm64 0.8.1 63.00 NOTE
r-oldrel-macos-x86_64 0.8.1 102.00 NOTE
r-oldrel-windows-x86_64 0.8.1 29.00 174.00 203.00 NOTE

Check Details

Version: 0.8.1
Check: package subdirectories
Result: NOTE Problems with news in ‘NEWS.md’: No news entries found. Flavors: r-devel-linux-x86_64-debian-clang, r-devel-linux-x86_64-fedora-clang, r-devel-linux-x86_64-fedora-gcc, r-devel-windows-x86_64, r-patched-linux-x86_64, r-release-linux-x86_64, r-release-macos-arm64, r-release-macos-x86_64, r-release-windows-x86_64, r-oldrel-macos-arm64, r-oldrel-macos-x86_64, r-oldrel-windows-x86_64

Version: 0.8.1
Check: package dependencies
Result: ERROR Packages required but not available: 'lubridate', 'dplyr', 'RHRV', 'padr', 'varian', 'ggplot2' Package suggested but not available for checking: ‘testthat’ See section ‘The DESCRIPTION file’ in the ‘Writing R Extensions’ manual. Flavor: r-devel-linux-x86_64-debian-gcc