Last updated on 2023-05-30 16:00:49 CEST.
Flavor | Version | Tinstall | Tcheck | Ttotal | Status | Flags |
---|---|---|---|---|---|---|
r-devel-linux-x86_64-debian-clang | 0.8.1 | 18.53 | 154.30 | 172.83 | NOTE | |
r-devel-linux-x86_64-debian-gcc | 0.8.1 | 14.68 | 115.37 | 130.05 | NOTE | |
r-devel-linux-x86_64-fedora-clang | 0.8.1 | 215.99 | NOTE | |||
r-devel-linux-x86_64-fedora-gcc | 0.8.1 | 207.67 | NOTE | |||
r-devel-windows-x86_64 | 0.8.1 | 17.00 | 126.00 | 143.00 | NOTE | |
r-patched-linux-x86_64 | 0.8.1 | 17.42 | 144.73 | 162.15 | NOTE | |
r-release-linux-x86_64 | 0.8.1 | 13.27 | 142.32 | 155.59 | NOTE | |
r-release-macos-arm64 | 0.8.1 | 63.00 | NOTE | |||
r-release-macos-x86_64 | 0.8.1 | 102.00 | NOTE | |||
r-release-windows-x86_64 | 0.8.1 | 24.00 | 157.00 | 181.00 | NOTE | |
r-oldrel-macos-arm64 | 0.8.1 | 58.00 | OK | |||
r-oldrel-macos-x86_64 | 0.8.1 | 100.00 | OK | |||
r-oldrel-windows-x86_64 | 0.8.1 | 24.00 | 146.00 | 170.00 | OK |
Version: 0.8.1
Check: package subdirectories
Result: NOTE
Problems with news in ‘NEWS.md’:
No news entries found.
Flavors: r-devel-linux-x86_64-debian-clang, r-devel-linux-x86_64-debian-gcc, r-devel-linux-x86_64-fedora-clang, r-devel-linux-x86_64-fedora-gcc, r-devel-windows-x86_64, r-patched-linux-x86_64, r-release-linux-x86_64, r-release-macos-arm64, r-release-macos-x86_64, r-release-windows-x86_64