CRAN Package Check Results for Package wbsd

Last updated on 2024-07-17 15:56:39 CEST.

Flavor Version Tinstall Tcheck Ttotal Status Flags
r-devel-linux-x86_64-debian-clang 1.0.0 47.85 33.74 81.59 OK
r-devel-linux-x86_64-debian-gcc 1.0.0 32.49 27.69 60.18 OK
r-devel-linux-x86_64-fedora-clang 1.0.0 116.67 OK
r-devel-linux-x86_64-fedora-gcc 1.0.0 115.80 OK
r-devel-windows-x86_64 1.0.0 40.00 73.00 113.00 OK
r-patched-linux-x86_64 1.0.0 35.70 33.54 69.24 OK
r-release-linux-x86_64 1.0.0 41.55 33.20 74.75 OK
r-release-macos-arm64 1.0.0 33.00 NOTE
r-release-macos-x86_64 1.0.0 45.00 NOTE
r-release-windows-x86_64 1.0.0 38.00 74.00 112.00 OK
r-oldrel-macos-arm64 1.0.0 36.00 NOTE
r-oldrel-macos-x86_64 1.0.0 51.00 NOTE
r-oldrel-windows-x86_64 1.0.0 48.00 81.00 129.00 OK

Check Details

Version: 1.0.0
Check: installed package size
Result: NOTE installed size is 5.3Mb sub-directories of 1Mb or more: libs 5.2Mb Flavors: r-release-macos-arm64, r-release-macos-x86_64, r-oldrel-macos-arm64, r-oldrel-macos-x86_64