CRAN Package Check Results for Package waver

Last updated on 2022-08-16 04:53:53 CEST.

Flavor Version Tinstall Tcheck Ttotal Status Flags
r-devel-linux-x86_64-debian-clang 0.2.1 4.54 45.51 50.05 NOTE
r-devel-linux-x86_64-debian-gcc 0.2.1 2.61 36.03 38.64 NOTE
r-devel-linux-x86_64-fedora-clang 0.2.1 68.84 NOTE
r-devel-linux-x86_64-fedora-gcc 0.2.1 67.70 NOTE
r-devel-windows-x86_64 0.2.1 11.00 71.00 82.00 NOTE
r-patched-linux-x86_64 0.2.1 3.98 44.40 48.38 NOTE
r-release-linux-x86_64 0.2.1 4.18 44.34 48.52 NOTE
r-release-macos-arm64 0.2.1 22.00 NOTE
r-release-macos-x86_64 0.2.1 29.00 NOTE
r-release-windows-x86_64 0.2.1 9.00 69.00 78.00 NOTE
r-oldrel-macos-arm64 0.2.1 25.00 NOTE
r-oldrel-macos-x86_64 0.2.1 47.00 NOTE
r-oldrel-windows-ix86+x86_64 0.2.1 10.00 68.00 78.00 NOTE

Check Details

Version: 0.2.1
Check: LazyData
Result: NOTE
     'LazyData' is specified without a 'data' directory
Flavors: r-devel-linux-x86_64-debian-clang, r-devel-linux-x86_64-debian-gcc, r-devel-linux-x86_64-fedora-clang, r-devel-linux-x86_64-fedora-gcc, r-devel-windows-x86_64, r-patched-linux-x86_64, r-release-linux-x86_64, r-release-macos-arm64, r-release-macos-x86_64, r-release-windows-x86_64, r-oldrel-macos-arm64, r-oldrel-macos-x86_64, r-oldrel-windows-ix86+x86_64