CRAN Package Check Results for Package wavelets

Last updated on 2022-06-27 03:51:30 CEST.

Flavor Version Tinstall Tcheck Ttotal Status Flags
r-devel-linux-x86_64-debian-clang 0.3-0.2 6.72 47.19 53.91 OK
r-devel-linux-x86_64-debian-gcc 0.3-0.2 5.16 35.89 41.05 OK
r-devel-linux-x86_64-fedora-clang 0.3-0.2 75.22 NOTE
r-devel-linux-x86_64-fedora-gcc 0.3-0.2 75.65 NOTE
r-devel-windows-x86_64 0.3-0.2 37.00 73.00 110.00 OK
r-patched-linux-x86_64 0.3-0.2 8.93 44.62 53.55 OK
r-release-linux-x86_64 0.3-0.2 6.09 44.72 50.81 OK
r-release-macos-arm64 0.3-0.2 26.00 OK
r-release-macos-x86_64 0.3-0.2 33.00 OK
r-release-windows-x86_64 0.3-0.2 16.00 70.00 86.00 OK
r-oldrel-macos-arm64 0.3-0.2 29.00 OK
r-oldrel-macos-x86_64 0.3-0.2 44.00 OK
r-oldrel-windows-ix86+x86_64 0.3-0.2 16.00 53.00 69.00 OK

Check Details

Version: 0.3-0.2
Check: compiled code
Result: NOTE
    File ‘wavelets/libs/wavelets.so’:
     Found no calls to: ‘R_registerRoutines’, ‘R_useDynamicSymbols’
    
    It is good practice to register native routines and to disable symbol
    search.
    
    See ‘Writing portable packages’ in the ‘Writing R Extensions’ manual.
Flavors: r-devel-linux-x86_64-fedora-clang, r-devel-linux-x86_64-fedora-gcc