Last updated on 2021-01-26 15:50:01 CET.
Flavor | Version | Tinstall | Tcheck | Ttotal | Status | Flags |
---|---|---|---|---|---|---|
r-devel-linux-x86_64-debian-clang | 1.2.0 | 7.81 | 73.85 | 81.66 | NOTE | |
r-devel-linux-x86_64-debian-gcc | 1.2.0 | 6.44 | 55.19 | 61.63 | NOTE | |
r-devel-linux-x86_64-fedora-clang | 1.2.0 | 108.93 | NOTE | |||
r-devel-linux-x86_64-fedora-gcc | 1.2.0 | 96.58 | NOTE | |||
r-devel-windows-ix86+x86_64 | 1.2.0 | 18.00 | 91.00 | 109.00 | NOTE | |
r-patched-linux-x86_64 | 1.2.0 | 8.27 | 68.45 | 76.72 | NOTE | |
r-patched-solaris-x86 | 1.2.0 | 144.20 | NOTE | |||
r-release-linux-x86_64 | 1.2.0 | 7.41 | 67.92 | 75.33 | NOTE | |
r-release-macos-x86_64 | 1.2.0 | NOTE | ||||
r-release-windows-ix86+x86_64 | 1.2.0 | 18.00 | 73.00 | 91.00 | NOTE | |
r-oldrel-macos-x86_64 | 1.2.0 | ERROR |
Version: 1.2.0
Check: package dependencies
Result: NOTE
Package suggested but not available for checking: 'rPeaks'
Flavors: r-devel-linux-x86_64-debian-clang, r-devel-linux-x86_64-debian-gcc, r-devel-linux-x86_64-fedora-clang, r-devel-linux-x86_64-fedora-gcc, r-devel-windows-ix86+x86_64, r-patched-linux-x86_64, r-patched-solaris-x86, r-release-linux-x86_64, r-release-macos-x86_64, r-release-windows-ix86+x86_64, r-oldrel-macos-x86_64
Version: 1.2.0
Check: dependencies in R code
Result: NOTE
Namespaces in Imports field not imported from:
‘raster’ ‘reshape2’
All declared Imports should be used.
Flavors: r-devel-linux-x86_64-fedora-clang, r-devel-linux-x86_64-fedora-gcc, r-patched-solaris-x86, r-release-macos-x86_64
Version: 1.2.0
Check: whether package can be installed
Result: ERROR
Installation failed.
Flavor: r-oldrel-macos-x86_64