CRAN Package Check Results for Package waspr

Last updated on 2022-09-24 15:55:34 CEST.

Flavor Version Tinstall Tcheck Ttotal Status Flags
r-devel-linux-x86_64-debian-clang 1.0.0 41.27 51.04 92.31 OK
r-devel-linux-x86_64-debian-gcc 1.0.0 33.54 49.00 82.54 OK
r-devel-linux-x86_64-fedora-clang 1.0.0 139.63 NOTE
r-devel-linux-x86_64-fedora-gcc 1.0.0 141.59 NOTE
r-devel-windows-x86_64 1.0.0 46.00 119.00 165.00 OK
r-patched-linux-x86_64 1.0.0 39.69 58.85 98.54 OK
r-release-linux-x86_64 1.0.0 36.22 58.51 94.73 OK
r-release-macos-arm64 1.0.0 37.00 NOTE
r-release-macos-x86_64 1.0.0 47.00 NOTE
r-release-windows-x86_64 1.0.0 44.00 120.00 164.00 OK
r-oldrel-macos-arm64 1.0.0 38.00 NOTE
r-oldrel-macos-x86_64 1.0.0 71.00 NOTE
r-oldrel-windows-ix86+x86_64 1.0.0 113.00 135.00 248.00 OK

Check Details

Version: 1.0.0
Check: dependencies in R code
Result: NOTE
    Namespace in Imports field not imported from: ‘methods’
     All declared Imports should be used.
Flavors: r-devel-linux-x86_64-fedora-clang, r-devel-linux-x86_64-fedora-gcc, r-release-macos-arm64, r-release-macos-x86_64, r-oldrel-macos-arm64, r-oldrel-macos-x86_64