CRAN Package Check Results for Package warbleR

Last updated on 2020-09-27 03:46:47 CEST.

Flavor Version Tinstall Tcheck Ttotal Status Flags
r-devel-linux-x86_64-debian-clang 1.1.24 36.80 218.07 254.87 OK
r-devel-linux-x86_64-debian-gcc 1.1.24 28.72 156.60 185.32 OK
r-devel-linux-x86_64-fedora-clang 1.1.24 306.23 NOTE
r-devel-linux-x86_64-fedora-gcc 1.1.24 240.54 OK
r-devel-windows-ix86+x86_64 1.1.24 57.00 252.00 309.00 NOTE
r-patched-linux-x86_64 1.1.24 38.31 202.24 240.55 OK
r-patched-solaris-x86 1.1.24 369.40 NOTE
r-release-linux-x86_64 1.1.24 40.45 203.09 243.54 OK
r-release-macos-x86_64 1.1.24 NOTE
r-release-windows-ix86+x86_64 1.1.24 46.00 267.00 313.00 NOTE
r-oldrel-macos-x86_64 1.1.24 NOTE
r-oldrel-windows-ix86+x86_64 1.1.24 50.00 247.00 297.00 NOTE

Check Details

Version: 1.1.24
Check: installed package size
Result: NOTE
     installed size is 7.1Mb
     sub-directories of 1Mb or more:
     R 1.1Mb
     doc 5.5Mb
Flavors: r-devel-linux-x86_64-fedora-clang, r-devel-windows-ix86+x86_64, r-patched-solaris-x86, r-release-macos-x86_64, r-release-windows-ix86+x86_64, r-oldrel-macos-x86_64, r-oldrel-windows-ix86+x86_64