CRAN Package Check Results for Package wallace

Last updated on 2020-09-29 15:47:50 CEST.

Flavor Version Tinstall Tcheck Ttotal Status Flags
r-devel-linux-x86_64-debian-clang 1.0.6.2 3.61 30.69 34.30 OK
r-devel-linux-x86_64-debian-gcc 1.0.6.2 3.04 24.51 27.55 OK
r-devel-linux-x86_64-fedora-clang 1.0.6.2 51.96 NOTE
r-devel-linux-x86_64-fedora-gcc 1.0.6.2 41.42 NOTE
r-devel-windows-ix86+x86_64 1.0.6.2 11.00 40.00 51.00 OK
r-patched-linux-x86_64 1.0.6.2 3.86 29.54 33.40 OK
r-patched-solaris-x86 1.0.6.2 65.90 NOTE
r-release-linux-x86_64 1.0.6.2 3.30 29.44 32.74 OK
r-release-macos-x86_64 1.0.6.2 NOTE
r-release-windows-ix86+x86_64 1.0.6.2 11.00 51.00 62.00 OK
r-oldrel-macos-x86_64 1.0.6.2 NOTE
r-oldrel-windows-ix86+x86_64 1.0.6.2 8.00 52.00 60.00 OK

Check Details

Version: 1.0.6.2
Check: dependencies in R code
Result: NOTE
    Namespaces in Imports field not imported from:
     ‘DT’ ‘ENMeval’ ‘RColorBrewer’ ‘XML’ ‘dismo’ ‘dplyr’ ‘leaflet.extras’
     ‘maptools’ ‘raster’ ‘rgdal’ ‘rgeos’ ‘rmarkdown’ ‘shinyjs’
     ‘shinythemes’ ‘spThin’ ‘spocc’ ‘testthat’ ‘zip’
     All declared Imports should be used.
Flavors: r-devel-linux-x86_64-fedora-clang, r-devel-linux-x86_64-fedora-gcc, r-patched-solaris-x86, r-release-macos-x86_64, r-oldrel-macos-x86_64