CRAN Package Check Results for Package waiter

Last updated on 2022-12-04 15:53:54 CET.

Flavor Version Tinstall Tcheck Ttotal Status Flags
r-devel-linux-x86_64-debian-clang 0.2.5 8.93 48.75 57.68 OK
r-devel-linux-x86_64-debian-gcc 0.2.5 6.71 38.37 45.08 OK
r-devel-linux-x86_64-fedora-clang 0.2.5 87.62 NOTE
r-devel-linux-x86_64-fedora-gcc 0.2.5 81.85 NOTE
r-devel-windows-x86_64 0.2.5 41.00 86.00 127.00 OK
r-patched-linux-x86_64 0.2.5 7.82 46.39 54.21 OK
r-release-linux-x86_64 0.2.5 9.35 47.47 56.82 OK
r-release-macos-arm64 0.2.5 25.00 NOTE
r-release-macos-x86_64 0.2.5 34.00 NOTE
r-release-windows-x86_64 0.2.5 43.00 96.00 139.00 OK
r-oldrel-macos-arm64 0.2.5 22.00 NOTE
r-oldrel-macos-x86_64 0.2.5 37.00 NOTE
r-oldrel-windows-ix86+x86_64 0.2.5 19.00 74.00 93.00 OK

Check Details

Version: 0.2.5
Check: dependencies in R code
Result: NOTE
    Namespace in Imports field not imported from: ‘R6’
     All declared Imports should be used.
Flavors: r-devel-linux-x86_64-fedora-clang, r-devel-linux-x86_64-fedora-gcc, r-release-macos-arm64, r-release-macos-x86_64, r-oldrel-macos-arm64, r-oldrel-macos-x86_64