CRAN Package Check Results for Package waiter

Last updated on 2020-09-20 03:47:40 CEST.

Flavor Version Tinstall Tcheck Ttotal Status Flags
r-devel-linux-x86_64-debian-clang 0.1.3 8.11 35.81 43.92 OK
r-devel-linux-x86_64-debian-gcc 0.1.3 5.86 28.85 34.71 OK
r-devel-linux-x86_64-fedora-clang 0.1.3 66.51 NOTE
r-devel-linux-x86_64-fedora-gcc 0.1.3 58.33 NOTE
r-devel-windows-ix86+x86_64 0.1.3 16.00 49.00 65.00 OK
r-patched-linux-x86_64 0.1.3 7.34 35.84 43.18 OK
r-patched-solaris-x86 0.1.3 82.70 NOTE
r-release-linux-x86_64 0.1.3 7.39 36.03 43.42 OK
r-release-macos-x86_64 0.1.3 NOTE
r-release-windows-ix86+x86_64 0.1.3 17.00 60.00 77.00 OK
r-oldrel-macos-x86_64 0.1.3 NOTE
r-oldrel-windows-ix86+x86_64 0.1.3 9.00 43.00 52.00 OK

Check Details

Version: 0.1.3
Check: dependencies in R code
Result: NOTE
    Namespace in Imports field not imported from: ‘R6’
     All declared Imports should be used.
Flavors: r-devel-linux-x86_64-fedora-clang, r-devel-linux-x86_64-fedora-gcc, r-patched-solaris-x86, r-release-macos-x86_64, r-oldrel-macos-x86_64