CRAN Package Check Results for Package vsd

Last updated on 2022-06-25 15:51:37 CEST.

Flavor Version Tinstall Tcheck Ttotal Status Flags
r-devel-linux-x86_64-debian-clang 0.1.0 11.64 102.02 113.66 OK
r-devel-linux-x86_64-debian-gcc 0.1.0 9.63 76.99 86.62 OK
r-devel-linux-x86_64-fedora-clang 0.1.0 147.88 NOTE
r-devel-linux-x86_64-fedora-gcc 0.1.0 141.02 NOTE
r-devel-windows-x86_64 0.1.0 15.00 122.00 137.00 OK
r-patched-linux-x86_64 0.1.0 14.96 97.45 112.41 OK
r-release-linux-x86_64 0.1.0 8.75 97.26 106.01 OK
r-release-macos-arm64 0.1.0 38.00 NOTE
r-release-macos-x86_64 0.1.0 68.00 NOTE
r-release-windows-x86_64 0.1.0 19.00 118.00 137.00 OK
r-oldrel-macos-arm64 0.1.0 39.00 NOTE
r-oldrel-macos-x86_64 0.1.0 75.00 NOTE
r-oldrel-windows-ix86+x86_64 0.1.0 28.00 116.00 144.00 OK

Check Details

Version: 0.1.0
Check: dependencies in R code
Result: NOTE
    Namespace in Imports field not imported from: ‘flexsurv’
     All declared Imports should be used.
Flavors: r-devel-linux-x86_64-fedora-clang, r-devel-linux-x86_64-fedora-gcc, r-release-macos-arm64, r-release-macos-x86_64, r-oldrel-macos-arm64, r-oldrel-macos-x86_64