CRAN Package Check Results for Package vprr

Last updated on 2024-06-13 03:49:40 CEST.

Flavor Version Tinstall Tcheck Ttotal Status Flags
r-devel-linux-x86_64-debian-clang 0.2.3 19.26 102.17 121.43 OK
r-devel-linux-x86_64-debian-gcc 0.2.3 0.91 1.91 2.82 ERROR
r-devel-linux-x86_64-fedora-clang 0.2.3 153.72 NOTE
r-devel-linux-x86_64-fedora-gcc 0.2.3 153.08 NOTE
r-devel-windows-x86_64 0.2.3 19.00 99.00 118.00 NOTE
r-patched-linux-x86_64 0.2.3 25.37 100.35 125.72 OK
r-release-linux-x86_64 0.2.3 14.99 98.31 113.30 OK
r-release-macos-arm64 0.2.3 49.00 NOTE
r-release-macos-x86_64 0.2.3 77.00 NOTE
r-release-windows-x86_64 0.2.3 21.00 110.00 131.00 NOTE
r-oldrel-macos-arm64 0.2.3 52.00 NOTE
r-oldrel-macos-x86_64 0.2.3 85.00 NOTE
r-oldrel-windows-x86_64 0.2.3 25.00 115.00 140.00 NOTE

Check Details

Version: 0.2.3
Check: package dependencies
Result: ERROR Packages required but not available: 'ggplot2', 'dplyr', 'magick', 'tidyr', 'stringr', 'metR', 'lubridate', 'usethis' Package suggested but not available for checking: ‘testthat’ See section ‘The DESCRIPTION file’ in the ‘Writing R Extensions’ manual. Flavor: r-devel-linux-x86_64-debian-gcc

Version: 0.2.3
Check: installed package size
Result: NOTE installed size is 9.9Mb sub-directories of 1Mb or more: extdata 8.6Mb Flavors: r-devel-linux-x86_64-fedora-clang, r-devel-windows-x86_64, r-release-macos-arm64, r-release-macos-x86_64, r-release-windows-x86_64, r-oldrel-macos-arm64, r-oldrel-macos-x86_64, r-oldrel-windows-x86_64

Version: 0.2.3
Check: dependencies in R code
Result: NOTE Namespace in Imports field not imported from: ‘usethis’ All declared Imports should be used. Flavors: r-devel-linux-x86_64-fedora-clang, r-devel-linux-x86_64-fedora-gcc