CRAN Package Check Results for Package volesti

Last updated on 2020-09-22 16:02:44 CEST.

Flavor Version Tinstall Tcheck Ttotal Status Flags
r-devel-linux-x86_64-debian-clang 1.1.1 633.19 74.99 708.18 OK
r-devel-linux-x86_64-debian-gcc 1.1.1 536.85 74.73 611.58 OK
r-devel-linux-x86_64-fedora-clang 1.1.1 1153.95 NOTE
r-devel-linux-x86_64-fedora-gcc 1.1.1 1005.16 OK
r-devel-windows-ix86+x86_64 1.1.1 1343.00 202.00 1545.00 NOTE
r-patched-linux-x86_64 1.1.1 562.35 94.96 657.31 OK
r-patched-solaris-x86 1.1.1 677.30 OK
r-release-linux-x86_64 1.1.1 556.55 93.48 650.03 OK
r-release-macos-x86_64 1.1.1 NOTE
r-release-windows-ix86+x86_64 1.1.1 1311.00 183.00 1494.00 NOTE
r-oldrel-macos-x86_64 1.1.1 NOTE
r-oldrel-windows-ix86+x86_64 1.1.1 872.00 202.00 1074.00 NOTE

Check Details

Version: 1.1.1
Check: installed package size
Result: NOTE
     installed size is 89.0Mb
     sub-directories of 1Mb or more:
     libs 88.6Mb
Flavors: r-devel-linux-x86_64-fedora-clang, r-devel-windows-ix86+x86_64, r-release-macos-x86_64, r-release-windows-ix86+x86_64, r-oldrel-macos-x86_64, r-oldrel-windows-ix86+x86_64