CRAN Package Check Results for Package volesti

Last updated on 2022-09-24 15:55:34 CEST.

Flavor Version Tinstall Tcheck Ttotal Status Flags
r-devel-linux-x86_64-debian-clang 1.1.2-2 555.34 66.63 621.97 OK
r-devel-linux-x86_64-debian-gcc 1.1.2-2 495.05 67.10 562.15 OK
r-devel-linux-x86_64-fedora-clang 1.1.2-2 812.34 OK
r-devel-linux-x86_64-fedora-gcc 1.1.2-2 961.42 OK
r-devel-windows-x86_64 1.1.2-2 448.00 160.00 608.00 OK
r-patched-linux-x86_64 1.1.2-2 525.05 85.75 610.80 OK
r-release-linux-x86_64 1.1.2-2 533.84 87.98 621.82 OK
r-release-macos-arm64 1.1.2-2 224.00 NOTE
r-release-macos-x86_64 1.1.2-2 297.00 NOTE
r-release-windows-x86_64 1.1.2-2 650.00 146.00 796.00 OK
r-oldrel-macos-arm64 1.1.2-2 253.00 NOTE
r-oldrel-macos-x86_64 1.1.2-2 277.00 NOTE
r-oldrel-windows-ix86+x86_64 1.1.2-2 1309.00 223.00 1532.00 NOTE

Check Details

Version: 1.1.2-2
Check: installed package size
Result: NOTE
     installed size is 60.9Mb
     sub-directories of 1Mb or more:
     libs 60.6Mb
Flavors: r-release-macos-arm64, r-release-macos-x86_64, r-oldrel-macos-arm64, r-oldrel-macos-x86_64, r-oldrel-windows-ix86+x86_64