CRAN Package Check Results for Package vlad

Last updated on 2022-09-25 03:54:44 CEST.

Flavor Version Tinstall Tcheck Ttotal Status Flags
r-devel-linux-x86_64-debian-clang 0.2.2 143.31 68.87 212.18 OK
r-devel-linux-x86_64-debian-gcc 0.2.2 123.06 50.97 174.03 OK
r-devel-linux-x86_64-fedora-clang 0.2.2 312.52 OK
r-devel-linux-x86_64-fedora-gcc 0.2.2 296.45 OK
r-devel-windows-x86_64 0.2.2 130.00 117.00 247.00 OK
r-patched-linux-x86_64 0.2.2 114.38 64.35 178.73 OK
r-release-linux-x86_64 0.2.2 100.03 64.73 164.76 OK
r-release-macos-arm64 0.2.2 67.00 NOTE
r-release-macos-x86_64 0.2.2 111.00 NOTE
r-release-windows-x86_64 0.2.2 130.00 121.00 251.00 OK
r-oldrel-macos-arm64 0.2.2 70.00 NOTE
r-oldrel-macos-x86_64 0.2.2 115.00 OK
r-oldrel-windows-ix86+x86_64 0.2.2 352.00 137.00 489.00 OK

Check Details

Version: 0.2.2
Check: installed package size
Result: NOTE
     installed size is 5.0Mb
     sub-directories of 1Mb or more:
     libs 4.5Mb
Flavors: r-release-macos-arm64, r-release-macos-x86_64, r-oldrel-macos-arm64