Last updated on 2022-06-26 03:50:16 CEST.
Flavor | Version | Tinstall | Tcheck | Ttotal | Status | Flags |
---|---|---|---|---|---|---|
r-devel-linux-x86_64-debian-clang | 1.3.4 | 22.67 | 169.34 | 192.01 | OK | |
r-devel-linux-x86_64-debian-gcc | 1.3.4 | 16.72 | 125.24 | 141.96 | OK | |
r-devel-linux-x86_64-fedora-clang | 1.3.4 | 235.48 | NOTE | |||
r-devel-linux-x86_64-fedora-gcc | 1.3.4 | 233.40 | OK | |||
r-devel-windows-x86_64 | 1.3.4 | 37.00 | 172.00 | 209.00 | OK | |
r-patched-linux-x86_64 | 1.3.4 | 25.69 | 177.79 | 203.48 | OK | |
r-release-linux-x86_64 | 1.3.4 | 19.87 | 173.86 | 193.73 | OK | |
r-release-macos-arm64 | 1.3.4 | 117.00 | OK | |||
r-release-macos-x86_64 | 1.3.4 | 172.00 | OK | |||
r-release-windows-x86_64 | 1.3.4 | 37.00 | 162.00 | 199.00 | OK | |
r-oldrel-macos-arm64 | 1.3.4 | 108.00 | OK | |||
r-oldrel-macos-x86_64 | 1.3.4 | 138.00 | OK | |||
r-oldrel-windows-ix86+x86_64 | 1.3.4 | 40.00 | 189.00 | 229.00 | OK |
Version: 1.3.4
Check: package dependencies
Result: NOTE
Imports includes 23 non-default packages.
Importing from so many packages makes the package vulnerable to any of
them becoming unavailable. Move as many as possible to Suggests and
use conditionally.
Flavor: r-devel-linux-x86_64-fedora-clang