CRAN Package Check Results for Package vismeteor

Last updated on 2024-07-15 15:54:38 CEST.

Flavor Version Tinstall Tcheck Ttotal Status Flags
r-devel-linux-x86_64-debian-clang 1.8.5 3.61 72.98 76.59 OK
r-devel-linux-x86_64-debian-gcc 1.8.5 3.73 53.12 56.85 OK
r-devel-linux-x86_64-fedora-clang 1.8.5 98.54 NOTE
r-devel-linux-x86_64-fedora-gcc 1.8.5 104.12 NOTE
r-devel-windows-x86_64 1.8.5 4.00 79.00 83.00 OK
r-patched-linux-x86_64 1.8.5 5.26 70.82 76.08 OK
r-release-linux-x86_64 1.8.5 3.81 70.83 74.64 OK
r-release-macos-arm64 1.8.5 36.00 OK
r-release-macos-x86_64 1.8.5 55.00 OK
r-release-windows-x86_64 1.8.5 4.00 77.00 81.00 OK
r-oldrel-macos-arm64 1.8.5 40.00 OK
r-oldrel-macos-x86_64 1.8.5 97.00 OK
r-oldrel-windows-x86_64 1.8.5 4.00 85.00 89.00 OK

Check Details

Version: 1.8.5
Check: data for non-ASCII characters
Result: NOTE Note: found 83 marked UTF-8 strings Flavors: r-devel-linux-x86_64-fedora-clang, r-devel-linux-x86_64-fedora-gcc