CRAN Package Check Results for Package visit

Last updated on 2020-09-24 15:48:46 CEST.

Flavor Version Tinstall Tcheck Ttotal Status Flags
r-devel-linux-x86_64-debian-clang 2.1 120.68 107.89 228.57 NOTE
r-devel-linux-x86_64-debian-gcc 2.1 107.92 85.86 193.78 NOTE
r-devel-linux-x86_64-fedora-clang 2.1 350.22 NOTE
r-devel-linux-x86_64-fedora-gcc 2.1 319.45 NOTE
r-devel-windows-ix86+x86_64 2.1 284.00 221.00 505.00 NOTE
r-patched-linux-x86_64 2.1 105.18 104.57 209.75 NOTE
r-patched-solaris-x86 2.1 326.00 NOTE
r-release-linux-x86_64 2.1 115.81 104.54 220.35 NOTE
r-release-macos-x86_64 2.1 NOTE
r-release-windows-ix86+x86_64 2.1 274.00 224.00 498.00 NOTE
r-oldrel-macos-x86_64 2.1 NOTE
r-oldrel-windows-ix86+x86_64 2.1 184.00 202.00 386.00 NOTE

Check Details

Version: 2.1
Check: for GNU extensions in Makefiles
Result: NOTE
    GNU make is a SystemRequirements.
Flavors: r-devel-linux-x86_64-debian-clang, r-devel-linux-x86_64-debian-gcc, r-devel-linux-x86_64-fedora-clang, r-devel-linux-x86_64-fedora-gcc, r-devel-windows-ix86+x86_64, r-patched-linux-x86_64, r-patched-solaris-x86, r-release-linux-x86_64, r-release-macos-x86_64, r-release-windows-ix86+x86_64, r-oldrel-macos-x86_64, r-oldrel-windows-ix86+x86_64

Version: 2.1
Check: installed package size
Result: NOTE
     installed size is 33.2Mb
     sub-directories of 1Mb or more:
     libs 32.4Mb
Flavors: r-devel-linux-x86_64-fedora-clang, r-release-macos-x86_64, r-oldrel-macos-x86_64

Version: 2.1
Check: dependencies in R code
Result: NOTE
    Namespace in Imports field not imported from: ‘sqldf’
     All declared Imports should be used.
Flavors: r-devel-linux-x86_64-fedora-clang, r-devel-linux-x86_64-fedora-gcc, r-patched-solaris-x86, r-release-macos-x86_64, r-oldrel-macos-x86_64