CRAN Package Check Results for Package viscomplexr

Last updated on 2021-03-02 03:54:09 CET.

Flavor Version Tinstall Tcheck Ttotal Status Flags
r-devel-linux-x86_64-debian-clang 1.1.0 OK
r-devel-linux-x86_64-debian-gcc 1.1.0 13.24 68.87 82.11 OK
r-devel-linux-x86_64-fedora-clang 1.1.0 148.16 OK
r-devel-linux-x86_64-fedora-gcc 1.1.0 128.43 OK
r-devel-windows-ix86+x86_64 1.1.0 33.00 132.00 165.00 OK
r-patched-linux-x86_64 1.1.0 15.48 85.32 100.80 OK
r-patched-solaris-x86 1.1.0 203.10 OK
r-release-linux-x86_64 1.1.0 15.32 84.64 99.96 OK
r-release-macos-x86_64 1.1.0 OK
r-release-windows-ix86+x86_64 1.1.0 46.00 169.00 215.00 OK
r-oldrel-macos-x86_64 1.1.0 ERROR

Check Details

Version: 1.1.0
Check: whether package can be installed
Result: ERROR
    Installation failed.
Flavor: r-oldrel-macos-x86_64