CRAN Package Check Results for Package visNetwork

Last updated on 2022-07-03 03:50:11 CEST.

Flavor Version Tinstall Tcheck Ttotal Status Flags
r-devel-linux-x86_64-debian-clang 2.1.0 12.40 74.96 87.36 OK
r-devel-linux-x86_64-debian-gcc 2.1.0 7.99 57.36 65.35 OK
r-devel-linux-x86_64-fedora-clang 2.1.0 114.56 NOTE
r-devel-linux-x86_64-fedora-gcc 2.1.0 112.65 OK
r-devel-windows-x86_64 2.1.0 199.00 163.00 362.00 NOTE
r-patched-linux-x86_64 2.1.0 14.22 71.93 86.15 OK
r-release-linux-x86_64 2.1.0 10.81 72.15 82.96 OK
r-release-macos-arm64 2.1.0 34.00 NOTE
r-release-macos-x86_64 2.1.0 47.00 NOTE
r-release-windows-x86_64 2.1.0 225.00 157.00 382.00 NOTE
r-oldrel-macos-arm64 2.1.0 37.00 NOTE
r-oldrel-macos-x86_64 2.1.0 85.00 NOTE
r-oldrel-windows-ix86+x86_64 2.1.0 20.00 111.00 131.00 NOTE

Check Details

Version: 2.1.0
Check: installed package size
Result: NOTE
     installed size is 11.4Mb
     sub-directories of 1Mb or more:
     doc 2.5Mb
     htmlwidgets 6.9Mb
Flavors: r-devel-linux-x86_64-fedora-clang, r-devel-windows-x86_64, r-release-macos-arm64, r-release-macos-x86_64, r-release-windows-x86_64, r-oldrel-macos-arm64, r-oldrel-macos-x86_64, r-oldrel-windows-ix86+x86_64