CRAN Package Check Results for Package viridis

Last updated on 2020-09-26 15:46:54 CEST.

Flavor Version Tinstall Tcheck Ttotal Status Flags
r-devel-linux-x86_64-debian-clang 0.5.1 3.61 57.42 61.03 OK
r-devel-linux-x86_64-debian-gcc 0.5.1 2.88 43.62 46.50 OK
r-devel-linux-x86_64-fedora-clang 0.5.1 91.86 NOTE
r-devel-linux-x86_64-fedora-gcc 0.5.1 73.18 NOTE
r-devel-windows-ix86+x86_64 0.5.1 11.00 59.00 70.00 OK --no-vignettes
r-patched-linux-x86_64 0.5.1 3.59 54.89 58.48 OK
r-patched-solaris-x86 0.5.1 106.30 NOTE
r-release-linux-x86_64 0.5.1 4.30 54.94 59.24 OK
r-release-macos-x86_64 0.5.1 NOTE
r-release-windows-ix86+x86_64 0.5.1 17.00 69.00 86.00 OK --no-vignettes
r-oldrel-macos-x86_64 0.5.1 NOTE
r-oldrel-windows-ix86+x86_64 0.5.1 9.00 60.00 69.00 OK --no-vignettes

Check Details

Version: 0.5.1
Check: dependencies in R code
Result: NOTE
    Namespace in Imports field not imported from: ‘stats’
     All declared Imports should be used.
Flavors: r-devel-linux-x86_64-fedora-clang, r-devel-linux-x86_64-fedora-gcc, r-patched-solaris-x86, r-release-macos-x86_64, r-oldrel-macos-x86_64