Last updated on 2022-08-17 15:50:09 CEST.
Flavor | Version | Tinstall | Tcheck | Ttotal | Status | Flags |
---|---|---|---|---|---|---|
r-devel-linux-x86_64-debian-clang | 0.1.7 | 14.45 | 124.03 | 138.48 | OK | |
r-devel-linux-x86_64-debian-gcc | 0.1.7 | OK | ||||
r-devel-linux-x86_64-fedora-clang | 0.1.7 | 165.51 | NOTE | |||
r-devel-linux-x86_64-fedora-gcc | 0.1.7 | 165.00 | NOTE | |||
r-devel-windows-x86_64 | 0.1.7 | 82.00 | 143.00 | 225.00 | OK | |
r-patched-linux-x86_64 | 0.1.7 | 22.76 | 115.43 | 138.19 | OK | |
r-release-linux-x86_64 | 0.1.7 | 11.99 | 115.60 | 127.59 | OK | |
r-release-macos-arm64 | 0.1.7 | 48.00 | NOTE | |||
r-release-macos-x86_64 | 0.1.7 | 82.00 | NOTE | |||
r-release-windows-x86_64 | 0.1.7 | 35.00 | 147.00 | 182.00 | OK | |
r-oldrel-macos-arm64 | 0.1.7 | 44.00 | NOTE | |||
r-oldrel-macos-x86_64 | 0.1.7 | 57.00 | NOTE | |||
r-oldrel-windows-ix86+x86_64 | 0.1.7 | 29.00 | 140.00 | 169.00 | OK |
Version: 0.1.7
Check: dependencies in R code
Result: NOTE
Namespace in Imports field not imported from: ‘knitr’
All declared Imports should be used.
Flavors: r-devel-linux-x86_64-fedora-clang, r-devel-linux-x86_64-fedora-gcc, r-release-macos-arm64, r-release-macos-x86_64, r-oldrel-macos-arm64, r-oldrel-macos-x86_64
Version: 0.1.7
Check: Rd cross-references
Result: NOTE
Undeclared package ‘stringdist’ in Rd xrefs
Flavor: r-devel-linux-x86_64-fedora-clang
Version: 0.1.7
Check: data for non-ASCII characters
Result: NOTE
Note: found 128 marked UTF-8 strings
Flavors: r-devel-linux-x86_64-fedora-clang, r-devel-linux-x86_64-fedora-gcc, r-release-macos-arm64, r-release-macos-x86_64, r-oldrel-macos-arm64, r-oldrel-macos-x86_64