Last updated on 2022-08-17 15:50:09 CEST.
Flavor | Version | Tinstall | Tcheck | Ttotal | Status | Flags |
---|---|---|---|---|---|---|
r-devel-linux-x86_64-debian-clang | 2.0.0 | 12.25 | 125.52 | 137.77 | OK | |
r-devel-linux-x86_64-debian-gcc | 2.0.0 | OK | ||||
r-devel-linux-x86_64-fedora-clang | 2.0.0 | 176.07 | NOTE | |||
r-devel-linux-x86_64-fedora-gcc | 2.0.0 | 173.39 | OK | |||
r-devel-windows-x86_64 | 2.0.0 | 35.00 | 168.00 | 203.00 | OK | |
r-patched-linux-x86_64 | 2.0.0 | 12.79 | 119.92 | 132.71 | OK | |
r-release-linux-x86_64 | 2.0.0 | 10.47 | 118.76 | 129.23 | OK | |
r-release-macos-arm64 | 2.0.0 | 55.00 | OK | |||
r-release-macos-x86_64 | 2.0.0 | 75.00 | OK | |||
r-release-windows-x86_64 | 2.0.0 | 32.00 | 181.00 | 213.00 | OK | |
r-oldrel-macos-arm64 | 2.0.0 | 67.00 | OK | |||
r-oldrel-macos-x86_64 | 2.0.0 | 74.00 | OK | |||
r-oldrel-windows-ix86+x86_64 | 2.0.0 | 24.00 | 151.00 | 175.00 | OK |
Version: 2.0.0
Check: Rd cross-references
Result: NOTE
Undeclared packages ‘mclust’, ‘e1071’ in Rd xrefs
Flavor: r-devel-linux-x86_64-fedora-clang