CRAN Package Check Results for Package vegawidget

Last updated on 2020-09-27 03:46:47 CEST.

Flavor Version Tinstall Tcheck Ttotal Status Flags
r-devel-linux-x86_64-debian-clang 0.3.1 3.96 39.19 43.15 OK
r-devel-linux-x86_64-debian-gcc 0.3.1 2.76 30.40 33.16 OK
r-devel-linux-x86_64-fedora-clang 0.3.1 63.03 OK
r-devel-linux-x86_64-fedora-gcc 0.3.1 49.52 OK
r-devel-windows-ix86+x86_64 0.3.1 8.00 58.00 66.00 OK
r-patched-linux-x86_64 0.3.1 4.05 37.62 41.67 OK
r-patched-solaris-x86 0.3.1 78.00 NOTE
r-release-linux-x86_64 0.3.1 4.53 37.71 42.24 OK
r-release-macos-x86_64 0.3.1 OK
r-release-windows-ix86+x86_64 0.3.1 7.00 73.00 80.00 OK
r-oldrel-macos-x86_64 0.3.1 OK
r-oldrel-windows-ix86+x86_64 0.3.1 7.00 59.00 66.00 OK

Check Details

Version: 0.3.1
Check: package dependencies
Result: NOTE
    Package suggested but not available for checking: ‘rsvg’
Flavor: r-patched-solaris-x86