CRAN Package Check Results for Package vctrs

Last updated on 2020-08-09 15:48:02 CEST.

Flavor Version Tinstall Tcheck Ttotal Status Flags
r-devel-linux-x86_64-debian-clang 0.3.2 26.71 127.12 153.83 OK
r-devel-linux-x86_64-debian-gcc 0.3.2 19.77 93.57 113.34 OK
r-devel-linux-x86_64-fedora-clang 0.3.2 188.73 OK
r-devel-linux-x86_64-fedora-gcc 0.3.2 178.85 OK
r-devel-windows-ix86+x86_64 0.3.2 4.00 8.00 12.00 ERROR
r-patched-linux-x86_64 0.3.2 20.79 126.89 147.68 OK
r-patched-solaris-x86 0.3.2 227.20 OK
r-release-linux-x86_64 0.3.2 20.26 124.78 145.04 OK
r-release-macos-x86_64 0.3.2 OK
r-release-windows-ix86+x86_64 0.3.2 89.00 253.00 342.00 OK
r-oldrel-macos-x86_64 0.3.2 OK
r-oldrel-windows-ix86+x86_64 0.3.2 79.00 190.00 269.00 OK

Check Details

Version: 0.3.2
Check: whether package can be installed
Result: ERROR
    Installation failed.
Flavor: r-devel-windows-ix86+x86_64