Last updated on 2022-08-17 15:50:09 CEST.
Flavor | Version | Tinstall | Tcheck | Ttotal | Status | Flags |
---|---|---|---|---|---|---|
r-devel-linux-x86_64-debian-clang | 0.3.0 | 2.08 | 33.71 | 35.79 | NOTE | |
r-devel-linux-x86_64-debian-gcc | 0.3.0 | NOTE | ||||
r-devel-linux-x86_64-fedora-clang | 0.3.0 | 54.64 | NOTE | |||
r-devel-linux-x86_64-fedora-gcc | 0.3.0 | 53.67 | NOTE | |||
r-devel-windows-x86_64 | 0.3.0 | 16.00 | 65.00 | 81.00 | NOTE | |
r-patched-linux-x86_64 | 0.3.0 | 2.57 | 32.18 | 34.75 | NOTE | |
r-release-linux-x86_64 | 0.3.0 | 2.59 | 32.11 | 34.70 | NOTE | |
r-release-macos-arm64 | 0.3.0 | 31.00 | NOTE | |||
r-release-macos-x86_64 | 0.3.0 | 115.00 | NOTE | |||
r-release-windows-x86_64 | 0.3.0 | 5.00 | 64.00 | 69.00 | NOTE | |
r-oldrel-macos-arm64 | 0.3.0 | 41.00 | NOTE | |||
r-oldrel-macos-x86_64 | 0.3.0 | 1803.00 | NOTE | |||
r-oldrel-windows-ix86+x86_64 | 0.3.0 | 7.00 | 59.00 | 66.00 | NOTE |
Version: 0.3.0
Check: LazyData
Result: NOTE
'LazyData' is specified without a 'data' directory
Flavors: r-devel-linux-x86_64-debian-clang, r-devel-linux-x86_64-debian-gcc, r-devel-linux-x86_64-fedora-clang, r-devel-linux-x86_64-fedora-gcc, r-devel-windows-x86_64, r-patched-linux-x86_64, r-release-linux-x86_64, r-release-macos-arm64, r-release-macos-x86_64, r-release-windows-x86_64, r-oldrel-macos-arm64, r-oldrel-macos-x86_64, r-oldrel-windows-ix86+x86_64
Version: 0.3.0
Check: dependencies in R code
Result: NOTE
Namespace in Imports field not imported from: ‘rio’
All declared Imports should be used.
Flavors: r-devel-linux-x86_64-fedora-clang, r-devel-linux-x86_64-fedora-gcc, r-release-macos-arm64, r-release-macos-x86_64, r-oldrel-macos-arm64, r-oldrel-macos-x86_64