CRAN Package Check Results for Package varTestnlme

Last updated on 2022-01-26 03:54:38 CET.

Flavor Version Tinstall Tcheck Ttotal Status Flags
r-devel-linux-x86_64-debian-clang 1.3.0 4.70 62.96 67.66 OK
r-devel-linux-x86_64-debian-gcc 1.3.0 4.22 48.37 52.59 OK
r-devel-linux-x86_64-fedora-clang 1.3.0 86.82 OK
r-devel-linux-x86_64-fedora-gcc 1.3.0 74.06 OK
r-devel-windows-x86_64-new-UL 1.3.0 42.00 96.00 138.00 OK
r-devel-windows-x86_64-new-TK 1.3.0 ERROR
r-patched-linux-x86_64 1.3.0 5.76 58.77 64.53 OK
r-release-linux-x86_64 1.3.0 5.43 58.82 64.25 OK
r-release-macos-arm64 1.2.0 OK
r-release-macos-x86_64 1.3.0 OK
r-release-windows-ix86+x86_64 1.3.0 10.00 72.00 82.00 OK
r-oldrel-macos-x86_64 1.3.0 OK
r-oldrel-windows-ix86+x86_64 1.3.0 11.00 77.00 88.00 OK

Check Details

Version: 1.3.0
Check: package dependencies
Result: ERROR
    Packages required but not available: 'merDeriv', 'lme4'
    
    See section 'The DESCRIPTION file' in the 'Writing R Extensions'
    manual.
Flavor: r-devel-windows-x86_64-new-TK