CRAN Package Check Results for Package vampyr

Last updated on 2022-06-30 15:51:54 CEST.

Flavor Version Tinstall Tcheck Ttotal Status Flags
r-devel-linux-x86_64-debian-clang 1.1.1 21.74 175.94 197.68 OK
r-devel-linux-x86_64-debian-gcc 1.1.1 16.37 128.78 145.15 OK
r-devel-linux-x86_64-fedora-clang 1.1.1 243.60 WARN
r-devel-linux-x86_64-fedora-gcc 1.1.1 241.86 WARN
r-devel-windows-x86_64 1.1.1 28.00 186.00 214.00 OK
r-patched-linux-x86_64 1.1.1 23.82 164.55 188.37 OK
r-release-linux-x86_64 1.1.1 19.98 164.88 184.86 OK
r-release-macos-arm64 1.1.1 61.00 OK
r-release-macos-x86_64 1.1.1 116.00 OK
r-release-windows-x86_64 1.1.1 22.00 180.00 202.00 OK
r-oldrel-macos-arm64 1.1.1 62.00 OK
r-oldrel-macos-x86_64 1.1.1 78.00 OK
r-oldrel-windows-ix86+x86_64 1.1.1 49.00 184.00 233.00 OK

Check Details

Version: 1.1.1
Check: package dependencies
Result: WARN
    Requires (indirectly) orphaned package: ‘gtools’
Flavors: r-devel-linux-x86_64-fedora-clang, r-devel-linux-x86_64-fedora-gcc