CRAN Package Check Results for Package validann

Last updated on 2023-02-01 15:51:41 CET.

Flavor Version Tinstall Tcheck Ttotal Status Flags
r-devel-linux-x86_64-debian-clang 1.2.1 4.15 40.71 44.86 NOTE
r-devel-linux-x86_64-debian-gcc 1.2.1 2.38 30.70 33.08 NOTE
r-devel-linux-x86_64-fedora-clang 1.2.1 54.95 NOTE
r-devel-linux-x86_64-fedora-gcc 1.2.1 52.88 NOTE
r-devel-windows-x86_64 1.2.1 17.00 69.00 86.00 OK
r-patched-linux-x86_64 1.2.1 2.82 39.42 42.24 NOTE
r-release-linux-x86_64 1.2.1 3.46 38.91 42.37 NOTE
r-release-macos-arm64 1.2.1 19.00 OK
r-release-macos-x86_64 1.2.1 28.00 OK
r-release-windows-x86_64 1.2.1 19.00 72.00 91.00 OK
r-oldrel-macos-arm64 1.2.1 21.00 OK
r-oldrel-macos-x86_64 1.2.1 37.00 OK
r-oldrel-windows-ix86+x86_64 1.2.1 7.00 69.00 76.00 OK

Check Details

Version: 1.2.1
Check: for non-standard things in the check directory
Result: NOTE
    Found the following files/directories:
     ‘PredValidationPlots.pdf’ ‘RepStructValidationPlots.pdf’
Flavors: r-devel-linux-x86_64-debian-clang, r-devel-linux-x86_64-debian-gcc, r-devel-linux-x86_64-fedora-clang, r-devel-linux-x86_64-fedora-gcc, r-patched-linux-x86_64, r-release-linux-x86_64