CRAN Package Check Results for Package vaersvax

Last updated on 2020-11-25 15:52:12 CET.

Flavor Version Tinstall Tcheck Ttotal Status Flags
r-devel-linux-x86_64-debian-clang 1.0.5 2.42 25.28 27.70 NOTE
r-devel-linux-x86_64-debian-gcc 1.0.5 2.05 21.27 23.32 NOTE
r-devel-linux-x86_64-fedora-clang 1.0.5 36.16 NOTE
r-devel-linux-x86_64-fedora-gcc 1.0.5 25.14 NOTE
r-devel-windows-ix86+x86_64 1.0.5 5.00 35.00 40.00 NOTE
r-patched-linux-x86_64 1.0.5 2.31 24.20 26.51 NOTE
r-patched-solaris-x86 1.0.5 43.90 NOTE
r-release-linux-x86_64 1.0.5 2.47 24.48 26.95 NOTE
r-release-macos-x86_64 1.0.5 NOTE
r-release-windows-ix86+x86_64 1.0.5 6.00 35.00 41.00 NOTE
r-oldrel-macos-x86_64 1.0.5 NOTE
r-oldrel-windows-ix86+x86_64 1.0.5 3.00 35.00 38.00 NOTE

Check Details

Version: 1.0.5
Check: package dependencies
Result: NOTE
    Packages suggested but not available for checking: 'vaers', 'vaersND'
Flavors: r-devel-linux-x86_64-debian-clang, r-devel-linux-x86_64-debian-gcc, r-devel-linux-x86_64-fedora-clang, r-devel-linux-x86_64-fedora-gcc, r-devel-windows-ix86+x86_64, r-patched-linux-x86_64, r-patched-solaris-x86, r-release-linux-x86_64, r-release-macos-x86_64, r-release-windows-ix86+x86_64, r-oldrel-macos-x86_64, r-oldrel-windows-ix86+x86_64