CRAN Package Check Results for Package vICC

Last updated on 2022-07-06 15:49:13 CEST.

Flavor Version Tinstall Tcheck Ttotal Status Flags
r-devel-linux-x86_64-debian-clang 1.0.0 5.96 61.37 67.33 OK
r-devel-linux-x86_64-debian-gcc 1.0.0 4.91 46.64 51.55 OK
r-devel-linux-x86_64-fedora-clang 1.0.0 89.42 NOTE
r-devel-linux-x86_64-fedora-gcc 1.0.0 89.50 NOTE
r-devel-windows-x86_64 1.0.0 13.00 89.00 102.00 OK
r-patched-linux-x86_64 1.0.0 5.75 58.00 63.75 OK
r-release-linux-x86_64 1.0.0 5.61 58.15 63.76 OK
r-release-macos-arm64 1.0.0 33.00 NOTE
r-release-macos-x86_64 1.0.0 43.00 NOTE
r-release-windows-x86_64 1.0.0 15.00 90.00 105.00 OK
r-oldrel-macos-arm64 1.0.0 25.00 NOTE
r-oldrel-macos-x86_64 1.0.0 38.00 NOTE
r-oldrel-windows-ix86+x86_64 1.0.0 20.00 81.00 101.00 OK

Check Details

Version: 1.0.0
Check: dependencies in R code
Result: NOTE
    Namespace in Imports field not imported from: ‘Rdpack’
     All declared Imports should be used.
Flavors: r-devel-linux-x86_64-fedora-clang, r-devel-linux-x86_64-fedora-gcc, r-release-macos-arm64, r-release-macos-x86_64, r-oldrel-macos-arm64, r-oldrel-macos-x86_64