CRAN Package Check Results for Package uuid

Last updated on 2023-06-03 15:55:40 CEST.

Flavor Version Tinstall Tcheck Ttotal Status Flags
r-devel-linux-x86_64-debian-clang 1.1-0 11.81 22.36 34.17 WARN
r-devel-linux-x86_64-debian-gcc 1.1-0 7.20 17.61 24.81 WARN
r-devel-linux-x86_64-fedora-clang 1.1-0 42.98 WARN
r-devel-linux-x86_64-fedora-gcc 1.1-0 41.87 WARN
r-devel-windows-x86_64 1.1-0 13.00 38.00 51.00 WARN
r-patched-linux-x86_64 1.1-0 WARN
r-release-linux-x86_64 1.1-0 8.20 22.08 30.28 WARN
r-release-macos-arm64 1.1-0 31.00 OK
r-release-macos-x86_64 1.1-0 41.00 OK
r-release-windows-x86_64 1.1-0 16.00 44.00 60.00 OK
r-oldrel-macos-arm64 1.1-0 36.00 OK
r-oldrel-macos-x86_64 1.1-0 35.00 OK
r-oldrel-windows-x86_64 1.1-0 20.00 46.00 66.00 OK

Check Details

Version: 1.1-0
Check: whether package can be installed
Result: WARN
    Found the following significant warnings:
     rand.c:90:21: warning: a function declaration without a prototype is deprecated in all versions of C [-Wstrict-prototypes]
     rand.c:92:24: warning: a function declaration without a prototype is deprecated in all versions of C [-Wstrict-prototypes]
     rand.c:103:22: warning: a function declaration without a prototype is deprecated in all versions of C [-Wstrict-prototypes]
     rand.c:138:17: warning: a function declaration without a prototype is deprecated in all versions of C [-Wstrict-prototypes]
    See ‘/home/hornik/tmp/R.check/r-devel-clang/Work/PKGS/uuid.Rcheck/00install.out’ for details.
    * used C compiler: ‘Debian clang version 15.0.6’
Flavor: r-devel-linux-x86_64-debian-clang

Version: 1.1-0
Check: whether package can be installed
Result: WARN
    Found the following significant warnings:
     rand.c:90:1: warning: function declaration isn’t a prototype [-Wstrict-prototypes]
     rand.c:92:1: warning: function declaration isn’t a prototype [-Wstrict-prototypes]
     rand.c:103:13: warning: function declaration isn’t a prototype [-Wstrict-prototypes]
     rand.c:138:6: warning: function declaration isn’t a prototype [-Wstrict-prototypes]
    See ‘/home/hornik/tmp/R.check/r-devel-gcc/Work/PKGS/uuid.Rcheck/00install.out’ for details.
    * used C compiler: ‘gcc-12 (Debian 12.2.0-14) 12.2.0’
Flavor: r-devel-linux-x86_64-debian-gcc

Version: 1.1-0
Check: whether package can be installed
Result: WARN
    Found the following significant warnings:
     rand.c:90:21: warning: a function declaration without a prototype is deprecated in all versions of C [-Wstrict-prototypes]
     rand.c:92:24: warning: a function declaration without a prototype is deprecated in all versions of C [-Wstrict-prototypes]
     rand.c:103:22: warning: a function declaration without a prototype is deprecated in all versions of C [-Wstrict-prototypes]
     rand.c:138:17: warning: a function declaration without a prototype is deprecated in all versions of C [-Wstrict-prototypes]
    See ‘/data/gannet/ripley/R/packages/tests-clang/uuid.Rcheck/00install.out’ for details.
    * used C compiler: ‘clang version 16.0.4’
Flavor: r-devel-linux-x86_64-fedora-clang

Version: 1.1-0
Check: whether package can be installed
Result: WARN
    Found the following significant warnings:
     rand.c:90:1: warning: function declaration isn't a prototype [-Wstrict-prototypes]
     rand.c:92:1: warning: function declaration isn't a prototype [-Wstrict-prototypes]
     rand.c:103:13: warning: function declaration isn't a prototype [-Wstrict-prototypes]
     rand.c:138:6: warning: function declaration isn't a prototype [-Wstrict-prototypes]
    See ‘/data/gannet/ripley/R/packages/tests-devel/uuid.Rcheck/00install.out’ for details.
    * used C compiler: ‘gcc-13 (GCC) 13.1.0’
Flavor: r-devel-linux-x86_64-fedora-gcc

Version: 1.1-0
Check: whether package can be installed
Result: WARN
    Found the following significant warnings:
     rand.c:28:1: warning: function declaration isn't a prototype [-Wstrict-prototypes]
     rand.c:90:1: warning: function declaration isn't a prototype [-Wstrict-prototypes]
     rand.c:92:1: warning: function declaration isn't a prototype [-Wstrict-prototypes]
     rand.c:103:13: warning: function declaration isn't a prototype [-Wstrict-prototypes]
     rand.c:138:6: warning: function declaration isn't a prototype [-Wstrict-prototypes]
     randutils.c:60:12: warning: function declaration isn't a prototype [-Wstrict-prototypes]
    See 'd:/Rcompile/CRANpkg/local/4.4/uuid.Rcheck/00install.out' for details.
    * used C compiler: 'gcc.exe (GCC) 12.2.0'
Flavor: r-devel-windows-x86_64

Version: 1.1-0
Check: whether package can be installed
Result: WARN
    Found the following significant warnings:
     rand.c:90:1: warning: function declaration isn’t a prototype [-Wstrict-prototypes]
     rand.c:92:1: warning: function declaration isn’t a prototype [-Wstrict-prototypes]
     rand.c:103:13: warning: function declaration isn’t a prototype [-Wstrict-prototypes]
     rand.c:138:6: warning: function declaration isn’t a prototype [-Wstrict-prototypes]
    See ‘/home/hornik/tmp/R.check/r-patched-gcc/Work/PKGS/uuid.Rcheck/00install.out’ for details.
    * used C compiler: ‘gcc-11 (Debian 11.3.0-12) 11.3.0’
Flavor: r-patched-linux-x86_64

Version: 1.1-0
Check: whether package can be installed
Result: WARN
    Found the following significant warnings:
     rand.c:90:1: warning: function declaration isn’t a prototype [-Wstrict-prototypes]
     rand.c:92:1: warning: function declaration isn’t a prototype [-Wstrict-prototypes]
     rand.c:103:13: warning: function declaration isn’t a prototype [-Wstrict-prototypes]
     rand.c:138:6: warning: function declaration isn’t a prototype [-Wstrict-prototypes]
    See ‘/home/hornik/tmp/R.check/r-release-gcc/Work/PKGS/uuid.Rcheck/00install.out’ for details.
    * used C compiler: ‘gcc-11 (Debian 11.3.0-12) 11.3.0’
Flavor: r-release-linux-x86_64